CRAN Package Check Results for Package diffusion

Last updated on 2022-01-26 05:54:12 CET.

Flavor Version Tinstall Tcheck Ttotal Status Flags
r-devel-linux-x86_64-debian-clang 0.2.7 3.43 44.95 48.38 OK
r-devel-linux-x86_64-debian-gcc 0.2.7 3.13 34.89 38.02 OK
r-devel-linux-x86_64-fedora-clang 0.2.7 60.31 OK
r-devel-linux-x86_64-fedora-gcc 0.2.7 48.48 OK
r-devel-windows-x86_64-new-UL 0.2.7 45.00 65.00 110.00 OK
r-devel-windows-x86_64-new-TK 0.2.7 ERROR
r-patched-linux-x86_64 0.2.7 3.07 43.31 46.38 OK
r-release-linux-x86_64 0.2.7 3.86 43.43 47.29 OK
r-release-macos-arm64 0.2.7 OK
r-release-macos-x86_64 0.2.7 OK
r-release-windows-ix86+x86_64 0.2.7 9.00 52.00 61.00 OK
r-oldrel-macos-x86_64 0.2.7 OK
r-oldrel-windows-ix86+x86_64 0.2.7 9.00 54.00 63.00 OK

Check Details

Version: 0.2.7
Check: package dependencies
Result: ERROR
    Packages required but not available: 'nloptr', 'systemfit'
    
    See section 'The DESCRIPTION file' in the 'Writing R Extensions'
    manual.
Flavor: r-devel-windows-x86_64-new-TK