CRAN Package Check Results for Package dimRed

Last updated on 2019-09-22 05:46:10 CEST.

Flavor Version Tinstall Tcheck Ttotal Status Flags
r-devel-linux-x86_64-debian-clang 0.2.3 18.34 250.87 269.21 OK
r-devel-linux-x86_64-debian-gcc 0.2.3 15.61 187.61 203.22 OK
r-devel-linux-x86_64-fedora-clang 0.2.3 335.23 OK
r-devel-linux-x86_64-fedora-gcc 0.2.3 329.33 OK
r-devel-windows-ix86+x86_64 0.2.3 43.00 330.00 373.00 OK
r-patched-linux-x86_64 0.2.3 18.04 237.11 255.15 OK
r-patched-solaris-x86 0.2.3 421.40 OK
r-release-linux-x86_64 0.2.3 16.55 240.26 256.81 OK
r-release-windows-ix86+x86_64 0.2.3 31.00 238.00 269.00 OK
r-release-osx-x86_64 0.2.3 NOTE
r-oldrel-windows-ix86+x86_64 0.2.3 19.00 244.00 263.00 OK
r-oldrel-osx-x86_64 0.2.3 NOTE

Check Details

Version: 0.2.3
Check: package dependencies
Result: NOTE
    Package suggested but not available for checking: ‘pcaL1’
Flavors: r-release-osx-x86_64, r-oldrel-osx-x86_64