CRAN Package Check Results for Package dimRed

Last updated on 2020-02-16 05:47:51 CET.

Flavor Version Tinstall Tcheck Ttotal Status Flags
r-devel-linux-x86_64-debian-clang 0.2.3 19.76 283.05 302.81 OK
r-devel-linux-x86_64-debian-gcc 0.2.3 19.83 212.80 232.63 OK
r-devel-linux-x86_64-fedora-clang 0.2.3 346.11 OK
r-devel-linux-x86_64-fedora-gcc 0.2.3 295.40 OK
r-devel-windows-ix86+x86_64 0.2.3 31.00 282.00 313.00 OK
r-devel-windows-ix86+x86_64-gcc8 0.2.3 47.00 357.00 404.00 OK
r-patched-linux-x86_64 0.2.3 18.40 241.48 259.88 OK
r-patched-solaris-x86 0.2.3 443.60 OK
r-release-linux-x86_64 0.2.3 17.85 238.22 256.07 OK
r-release-windows-ix86+x86_64 0.2.3 31.00 249.00 280.00 OK
r-release-osx-x86_64 0.2.3 NOTE
r-oldrel-windows-ix86+x86_64 0.2.3 20.00 238.00 258.00 OK
r-oldrel-osx-x86_64 0.2.3 NOTE

Check Details

Version: 0.2.3
Check: package dependencies
Result: NOTE
    Package suggested but not available for checking: ‘pcaL1’
Flavors: r-release-osx-x86_64, r-oldrel-osx-x86_64