CRAN Package Check Results for Package discgolf

Last updated on 2022-01-26 05:54:12 CET.

Flavor Version Tinstall Tcheck Ttotal Status Flags
r-devel-linux-x86_64-debian-clang 0.2.0 2.02 34.80 36.82 NOTE
r-devel-linux-x86_64-debian-gcc 0.2.0 2.14 27.96 30.10 NOTE
r-devel-linux-x86_64-fedora-clang 0.2.0 47.14 NOTE
r-devel-linux-x86_64-fedora-gcc 0.2.0 35.69 NOTE
r-devel-windows-x86_64-new-UL 0.2.0 48.00 53.00 101.00 NOTE
r-devel-windows-x86_64-new-TK 0.2.0 NOTE
r-patched-linux-x86_64 0.2.0 2.92 33.97 36.89 NOTE
r-release-linux-x86_64 0.2.0 1.91 33.96 35.87 NOTE
r-release-macos-arm64 0.2.0 NOTE
r-release-macos-x86_64 0.2.0 NOTE
r-release-windows-ix86+x86_64 0.2.0 9.00 44.00 53.00 NOTE
r-oldrel-macos-x86_64 0.2.0 OK
r-oldrel-windows-ix86+x86_64 0.2.0 7.00 43.00 50.00 OK

Check Details

Version: 0.2.0
Check: LazyData
Result: NOTE
     'LazyData' is specified without a 'data' directory
Flavors: r-devel-linux-x86_64-debian-clang, r-devel-linux-x86_64-debian-gcc, r-devel-linux-x86_64-fedora-clang, r-devel-linux-x86_64-fedora-gcc, r-devel-windows-x86_64-new-UL, r-devel-windows-x86_64-new-TK, r-patched-linux-x86_64, r-release-linux-x86_64, r-release-macos-arm64, r-release-macos-x86_64, r-release-windows-ix86+x86_64