CRAN Package Check Results for Package disco

Last updated on 2021-12-06 05:53:07 CET.

Flavor Version Tinstall Tcheck Ttotal Status Flags
r-devel-linux-x86_64-debian-clang 0.6 7.19 70.38 77.57 ERROR
r-devel-linux-x86_64-debian-gcc 0.6 6.66 54.28 60.94 ERROR
r-devel-linux-x86_64-fedora-clang 0.6 98.31 ERROR
r-devel-linux-x86_64-fedora-gcc 0.6 89.63 ERROR
r-devel-windows-x86_64-new-UL 0.6 17.00 101.00 118.00 OK
r-devel-windows-x86_64-new-TK 0.6 ERROR
r-devel-windows-x86_64-old 0.6 15.00 56.00 71.00 OK
r-patched-linux-x86_64 0.6 7.49 59.45 66.94 OK
r-release-linux-x86_64 0.6 7.11 67.60 74.71 OK
r-release-macos-arm64 0.6 OK
r-release-macos-x86_64 0.6 OK
r-release-windows-ix86+x86_64 0.6 21.00 87.00 108.00 OK
r-oldrel-macos-x86_64 0.6 OK
r-oldrel-windows-ix86+x86_64 0.6 20.00 87.00 107.00 OK

Check Details

Version: 0.6
Check: examples
Result: ERROR
    Running examples in 'disco-Ex.R' failed
    The error most likely occurred in:
    
    > base::assign(".ptime", proc.time(), pos = "CheckExEnv")
    > ### Name: modCor
    > ### Title: Calculate correlation between regulation of orthologous genes in
    > ### a chosen gene set
    > ### Aliases: modCor
    >
    > ### ** Examples
    >
    > library(tmod)
    For tmod user guide, type `vignette("tmod")`
    > data(tmod)
    > data(orthologs)
    >
    > genes <- tmod$MODULES2GENES[["LI.M0"]]
    > a <- modCor(orthologs, genes)
    >
    > # Using tmod objects directly
    > a <- modCor(orthologs, tmod[c("LI.M0", "LI.M1.0")], "spearman")
    Error in cor.test.default(x1[sel], x2[sel], method = method) :
     not enough finite observations
    Calls: modCor ... sapply -> lapply -> FUN -> cor.test -> cor.test.default
    Execution halted
Flavors: r-devel-linux-x86_64-debian-clang, r-devel-linux-x86_64-debian-gcc

Version: 0.6
Check: examples
Result: ERROR
    Running examples in ‘disco-Ex.R’ failed
    The error most likely occurred in:
    
    > ### Name: modCor
    > ### Title: Calculate correlation between regulation of orthologous genes in
    > ### a chosen gene set
    > ### Aliases: modCor
    >
    > ### ** Examples
    >
    > library(tmod)
    For tmod user guide, type `vignette("tmod")`
    > data(tmod)
    > data(orthologs)
    >
    > genes <- tmod$MODULES2GENES[["LI.M0"]]
    > a <- modCor(orthologs, genes)
    >
    > # Using tmod objects directly
    > a <- modCor(orthologs, tmod[c("LI.M0", "LI.M1.0")], "spearman")
    Error in cor.test.default(x1[sel], x2[sel], method = method) :
     not enough finite observations
    Calls: modCor ... sapply -> lapply -> FUN -> cor.test -> cor.test.default
    Execution halted
Flavors: r-devel-linux-x86_64-fedora-clang, r-devel-linux-x86_64-fedora-gcc, r-devel-windows-x86_64-new-TK