CRAN Package Check Results for Package discrim

Last updated on 2020-07-15 05:47:58 CEST.

Flavor Version Tinstall Tcheck Ttotal Status Flags
r-devel-linux-x86_64-debian-clang 0.1.0 6.30 83.64 89.94 OK
r-devel-linux-x86_64-debian-gcc 0.1.0 5.17 62.09 67.26 OK
r-devel-linux-x86_64-fedora-clang 0.1.0 112.89 OK
r-devel-linux-x86_64-fedora-gcc 0.1.0 107.39 OK
r-devel-windows-ix86+x86_64 0.1.0 17.00 122.00 139.00 OK
r-patched-linux-x86_64 0.1.0 5.96 79.29 85.25 OK
r-patched-solaris-x86 0.1.0 138.70 OK
r-release-linux-x86_64 0.1.0 6.54 79.14 85.68 OK
r-release-macos-x86_64 0.1.0 ERROR
r-release-windows-ix86+x86_64 0.1.0 23.00 131.00 154.00 OK
r-oldrel-macos-x86_64 0.1.0 ERROR
r-oldrel-windows-ix86+x86_64 0.1.0 13.00 96.00 109.00 OK

Check Details

Version: 0.1.0
Check: whether package can be installed
Result: ERROR
    Installation failed.
Flavor: r-release-macos-x86_64

Version: 0.1.0
Check: package dependencies
Result: ERROR
    Package required and available but unsuitable version: ‘parsnip’
    
    See section ‘The DESCRIPTION file’ in the ‘Writing R Extensions’
    manual.
Flavor: r-oldrel-macos-x86_64