CRAN Package Check Results for Package diseasemapping

Last updated on 2022-01-20 05:50:20 CET.

Flavor Version Tinstall Tcheck Ttotal Status Flags
r-devel-linux-x86_64-debian-clang 1.5.1 NOTE
r-devel-linux-x86_64-debian-gcc 1.5.1 4.44 108.71 113.15 NOTE
r-devel-linux-x86_64-fedora-clang 1.5.1 204.04 NOTE
r-devel-linux-x86_64-fedora-gcc 1.5.1 224.07 NOTE
r-devel-windows-x86_64-new-UL 1.5.1 90.00 180.00 270.00 NOTE
r-devel-windows-x86_64-new-TK 1.5.1 NOTE
r-patched-linux-x86_64 1.5.1 7.17 137.97 145.14 NOTE
r-release-linux-x86_64 1.5.1 NOTE
r-release-macos-arm64 1.5.1 NOTE
r-release-macos-x86_64 1.5.1 NOTE
r-release-windows-ix86+x86_64 1.5.1 14.00 166.00 180.00 OK
r-oldrel-macos-x86_64 1.5.1 NOTE
r-oldrel-windows-ix86+x86_64 1.5.1 14.00 169.00 183.00 OK

Check Details

Version: 1.5.1
Check: package dependencies
Result: NOTE
    Package suggested but not available for checking: 'geostatsp'
    
    Package which this enhances but not available for checking: 'INLA'
Flavors: r-devel-linux-x86_64-debian-clang, r-devel-linux-x86_64-debian-gcc, r-devel-windows-x86_64-new-TK, r-patched-linux-x86_64, r-release-linux-x86_64

Version: 1.5.1
Check: Rd cross-references
Result: NOTE
    Unknown package 'geostatsp' in Rd xrefs
Flavors: r-devel-linux-x86_64-debian-clang, r-devel-linux-x86_64-debian-gcc, r-devel-linux-x86_64-fedora-clang, r-devel-linux-x86_64-fedora-gcc, r-devel-windows-x86_64-new-TK, r-patched-linux-x86_64, r-release-linux-x86_64

Version: 1.5.1
Check: package dependencies
Result: NOTE
    Package suggested but not available for checking: ‘geostatsp’
Flavors: r-devel-linux-x86_64-fedora-clang, r-devel-linux-x86_64-fedora-gcc

Version: 1.5.1
Check: dependencies in R code
Result: NOTE
    Namespace in Imports field not imported from: ‘rgeos’
     All declared Imports should be used.
Flavors: r-devel-linux-x86_64-fedora-clang, r-devel-linux-x86_64-fedora-gcc, r-devel-windows-x86_64-new-TK, r-release-macos-arm64, r-release-macos-x86_64, r-oldrel-macos-x86_64

Version: 1.5.1
Check: package dependencies
Result: NOTE
    Package which this enhances but not available for checking: 'INLA'
Flavors: r-devel-windows-x86_64-new-UL, r-release-macos-arm64, r-release-macos-x86_64, r-oldrel-macos-x86_64