CRAN Package Check Results for Package diseq

Last updated on 2022-01-22 05:10:14 CET.

Flavor Version Tinstall Tcheck Ttotal Status Flags
r-devel-linux-x86_64-debian-clang 0.4.1 82.53 317.09 399.62 OK
r-devel-linux-x86_64-debian-gcc 0.4.1 65.94 233.47 299.41 OK
r-devel-linux-x86_64-fedora-clang 0.4.1 483.05 OK
r-devel-linux-x86_64-fedora-gcc 0.4.1 475.18 OK
r-devel-windows-x86_64-new-UL 0.4.1 144.00 386.00 530.00 OK
r-devel-windows-x86_64-new-TK 0.4.1 OK
r-patched-linux-x86_64 0.4.1 75.97 315.95 391.92 OK
r-release-linux-x86_64 0.4.1 76.71 318.89 395.60 OK
r-release-macos-arm64 0.4.1 NOTE
r-release-macos-x86_64 0.4.1 NOTE
r-release-windows-ix86+x86_64 0.4.1 151.00 488.00 639.00 NOTE
r-oldrel-macos-x86_64 0.3.1 NOTE
r-oldrel-windows-ix86+x86_64 0.4.1 153.00 481.00 634.00 NOTE

Check Details

Version: 0.4.1
Check: installed package size
Result: NOTE
     installed size is 6.5Mb
     sub-directories of 1Mb or more:
     libs 3.9Mb
Flavors: r-release-macos-arm64, r-release-macos-x86_64, r-release-windows-ix86+x86_64, r-oldrel-windows-ix86+x86_64

Version: 0.3.1
Check: installed package size
Result: NOTE
     installed size is 5.7Mb
     sub-directories of 1Mb or more:
     libs 3.4Mb
Flavor: r-oldrel-macos-x86_64