CRAN Package Check Results for Package distillML

Last updated on 2022-11-28 04:54:39 CET.

Flavor Version Tinstall Tcheck Ttotal Status Flags
r-devel-linux-x86_64-debian-clang 0.1.0.9 16.09 908.75 924.84 OK
r-devel-linux-x86_64-debian-gcc 0.1.0.9 14.13 642.14 656.27 OK
r-devel-linux-x86_64-fedora-clang 0.1.0.9 872.83 NOTE
r-devel-linux-x86_64-fedora-gcc 0.1.0.9 918.74 NOTE
r-devel-windows-x86_64 0.1.0.9 30.00 371.00 401.00 OK
r-patched-linux-x86_64 0.1.0.9 14.92 944.54 959.46 OK
r-release-linux-x86_64 0.1.0.9 16.66 951.06 967.72 OK
r-release-macos-arm64 0.1.0.9 215.00 NOTE
r-release-macos-x86_64 0.1.0.9 393.00 NOTE
r-release-windows-x86_64 0.1.0.9 36.00 405.00 441.00 OK
r-oldrel-macos-arm64 0.1.0.9 212.00 NOTE
r-oldrel-macos-x86_64 0.1.0.9 386.00 NOTE
r-oldrel-windows-ix86+x86_64 0.1.0.9 33.00 369.00 402.00 OK

Check Details

Version: 0.1.0.9
Check: dependencies in R code
Result: NOTE
    Namespace in Imports field not imported from: ‘MASS’
     All declared Imports should be used.
Flavors: r-devel-linux-x86_64-fedora-clang, r-devel-linux-x86_64-fedora-gcc, r-release-macos-arm64, r-release-macos-x86_64, r-oldrel-macos-arm64, r-oldrel-macos-x86_64