CRAN Package Check Results for Package distreg.vis

Last updated on 2019-08-22 05:46:58 CEST.

Flavor Version Tinstall Tcheck Ttotal Status Flags
r-devel-linux-x86_64-debian-clang 1.5.0 10.58 117.13 127.71 OK
r-devel-linux-x86_64-debian-gcc 1.5.0 9.34 88.44 97.78 OK
r-devel-linux-x86_64-fedora-clang 1.5.0 148.29 NOTE
r-devel-linux-x86_64-fedora-gcc 1.5.0 140.12 NOTE
r-devel-windows-ix86+x86_64 1.5.0 48.00 171.00 219.00 OK
r-patched-linux-x86_64 1.5.0 9.68 113.50 123.18 OK
r-patched-solaris-x86 1.5.0 226.70 NOTE
r-release-linux-x86_64 1.5.0 10.38 112.26 122.64 OK
r-release-windows-ix86+x86_64 1.5.0 42.00 179.00 221.00 OK
r-release-osx-x86_64 1.5.0 NOTE
r-oldrel-windows-ix86+x86_64 1.5.0 21.00 169.00 190.00 OK
r-oldrel-osx-x86_64 1.5.0 NOTE

Check Details

Version: 1.5.0
Check: dependencies in R code
Result: NOTE
    Namespace in Imports field not imported from: ‘mvtnorm’
     All declared Imports should be used.
Flavors: r-devel-linux-x86_64-fedora-clang, r-devel-linux-x86_64-fedora-gcc, r-patched-solaris-x86, r-release-osx-x86_64, r-oldrel-osx-x86_64