CRAN Package Check Results for Package dittodb

Last updated on 2021-09-27 05:51:20 CEST.

Flavor Version Tinstall Tcheck Ttotal Status Flags
r-devel-linux-x86_64-debian-clang 0.1.3 4.77 104.52 109.29 NOTE
r-devel-linux-x86_64-debian-gcc 0.1.3 3.87 80.81 84.68 NOTE
r-devel-linux-x86_64-fedora-clang 0.1.3 145.51 NOTE
r-devel-linux-x86_64-fedora-gcc 0.1.3 134.23 NOTE
r-devel-windows-x86_64 0.1.3 9.00 105.00 114.00 NOTE
r-devel-windows-x86_64-gcc10-UCRT 0.1.3 NOTE
r-patched-linux-x86_64 0.1.3 8.80 105.69 114.49 NOTE
r-patched-solaris-x86 0.1.3 186.40 NOTE
r-release-linux-x86_64 0.1.3 6.11 107.18 113.29 NOTE
r-release-macos-arm64 0.1.3 NOTE
r-release-macos-x86_64 0.1.3 NOTE
r-release-windows-ix86+x86_64 0.1.3 18.00 174.00 192.00 NOTE
r-oldrel-macos-x86_64 0.1.3 OK
r-oldrel-windows-ix86+x86_64 0.1.3 14.00 161.00 175.00 OK

Check Details

Version: 0.1.3
Check: LazyData
Result: NOTE
     'LazyData' is specified without a 'data' directory
Flavors: r-devel-linux-x86_64-debian-clang, r-devel-linux-x86_64-debian-gcc, r-devel-linux-x86_64-fedora-clang, r-devel-linux-x86_64-fedora-gcc, r-devel-windows-x86_64, r-devel-windows-x86_64-gcc10-UCRT, r-patched-linux-x86_64, r-patched-solaris-x86, r-release-linux-x86_64, r-release-macos-arm64, r-release-macos-x86_64, r-release-windows-ix86+x86_64