CRAN Package Check Results for Package diverge

Last updated on 2023-01-29 05:49:33 CET.

Flavor Version Tinstall Tcheck Ttotal Status Flags
r-devel-linux-x86_64-debian-clang 2.0.6 6.75 55.12 61.87 OK
r-devel-linux-x86_64-debian-gcc 2.0.6 5.32 41.66 46.98 OK
r-devel-linux-x86_64-fedora-clang 2.0.6 77.70 NOTE
r-devel-linux-x86_64-fedora-gcc 2.0.6 76.79 NOTE
r-devel-windows-x86_64 2.0.6 19.00 98.00 117.00 OK
r-patched-linux-x86_64 2.0.6 5.96 53.10 59.06 OK
r-release-linux-x86_64 2.0.6 7.34 52.34 59.68 OK
r-release-macos-arm64 2.0.6 26.00 OK
r-release-macos-x86_64 2.0.6 37.00 NOTE
r-release-windows-x86_64 2.0.6 22.00 92.00 114.00 OK
r-oldrel-macos-arm64 2.0.6 25.00 OK
r-oldrel-macos-x86_64 2.0.6 40.00 NOTE
r-oldrel-windows-ix86+x86_64 2.0.6 13.00 77.00 90.00 OK

Check Details

Version: 2.0.6
Check: dependencies in R code
Result: NOTE
    Namespace in Imports field not imported from: ‘truncnorm’
     All declared Imports should be used.
Flavors: r-devel-linux-x86_64-fedora-clang, r-devel-linux-x86_64-fedora-gcc, r-release-macos-x86_64, r-oldrel-macos-x86_64