CRAN Package Check Results for Package diversityForest

Last updated on 2021-12-05 05:52:45 CET.

Flavor Version Tinstall Tcheck Ttotal Status Flags
r-devel-linux-x86_64-debian-clang 0.3.1 138.94 122.03 260.97 NOTE
r-devel-linux-x86_64-debian-gcc 0.3.1 108.94 93.28 202.22 NOTE
r-devel-linux-x86_64-fedora-clang 0.3.1 384.07 NOTE
r-devel-linux-x86_64-fedora-gcc 0.3.1 342.76 NOTE
r-devel-windows-x86_64-new-UL 0.3.1 184.00 180.00 364.00 NOTE
r-devel-windows-x86_64-new-TK 0.3.1 NOTE
r-devel-windows-x86_64-old 0.3.1 168.00 126.00 294.00 NOTE
r-patched-linux-x86_64 0.3.1 129.63 108.69 238.32 NOTE
r-release-linux-x86_64 0.3.1 131.42 116.10 247.52 NOTE
r-release-macos-arm64 0.3.1 NOTE
r-release-macos-x86_64 0.3.1 NOTE
r-release-windows-ix86+x86_64 0.3.1 325.00 194.00 519.00 NOTE
r-oldrel-macos-x86_64 0.3.1 NOTE
r-oldrel-windows-ix86+x86_64 0.3.1 353.00 191.00 544.00 NOTE

Check Details

Version: 0.3.1
Check: package dependencies
Result: NOTE
    Package suggested but not available for checking: 'BOLTSSIRR'
Flavors: r-devel-linux-x86_64-debian-clang, r-devel-linux-x86_64-debian-gcc, r-devel-linux-x86_64-fedora-clang, r-devel-linux-x86_64-fedora-gcc, r-devel-windows-x86_64-new-UL, r-devel-windows-x86_64-new-TK, r-devel-windows-x86_64-old, r-patched-linux-x86_64, r-release-linux-x86_64, r-release-macos-arm64, r-release-macos-x86_64, r-release-windows-ix86+x86_64, r-oldrel-macos-x86_64, r-oldrel-windows-ix86+x86_64

Version: 0.3.1
Check: installed package size
Result: NOTE
     installed size is 8.5Mb
     sub-directories of 1Mb or more:
     libs 8.1Mb
Flavors: r-devel-linux-x86_64-fedora-clang, r-release-macos-arm64, r-release-macos-x86_64, r-oldrel-macos-x86_64