CRAN Package Check Results for Package dma

Last updated on 2024-02-25 06:08:27 CET.

Flavor Version Tinstall Tcheck Ttotal Status Flags
r-devel-linux-x86_64-debian-clang 1.4-0 2.22 37.11 39.33 NOTE
r-devel-linux-x86_64-debian-gcc 1.4-0 2.15 28.64 30.79 NOTE
r-devel-linux-x86_64-fedora-clang 1.4-0 48.87 OK
r-devel-linux-x86_64-fedora-gcc 1.4-0 48.10 OK
r-devel-windows-x86_64 1.4-0 3.00 54.00 57.00 OK
r-patched-linux-x86_64 1.4-0 2.36 34.58 36.94 OK
r-release-linux-x86_64 1.4-0 2.78 34.85 37.63 OK
r-release-macos-arm64 1.4-0 22.00 OK
r-release-macos-x86_64 1.4-0 28.00 OK
r-release-windows-x86_64 1.4-0 3.00 53.00 56.00 OK
r-oldrel-macos-arm64 1.4-0 20.00 OK
r-oldrel-windows-x86_64 1.4-0 5.00 56.00 61.00 OK

Check Details

Version: 1.4-0
Check: Rd files
Result: NOTE checkRd: (-1) dma.Rd:47: Lost braces; missing escapes or markup? 47 | When y_t is controlled, only y_{t-delay-1} and before | ^ checkRd: (-1) dma.Rd:64: Lost braces; missing escapes or markup? 64 | estimate of theta_{j-1} for model k at t} | ^ checkRd: (-1) dma.Rd:66: Lost braces; missing escapes or markup? 66 | variance of theta_{j-1} for model k at t} | ^ checkRd: (-1) dma.Rd:68: Lost braces; missing escapes or markup? 68 | estimate of theta_{j-1} at t} | ^ checkRd: (-1) dma.Rd:70: Lost braces; missing escapes or markup? 70 | variance of thetahat_{j-1} at t} | ^ Flavors: r-devel-linux-x86_64-debian-clang, r-devel-linux-x86_64-debian-gcc