CRAN Package Check Results for Package dmlalg

Last updated on 2022-01-26 05:54:12 CET.

Flavor Version Tinstall Tcheck Ttotal Status Flags
r-devel-linux-x86_64-debian-clang 1.0.1 14.48 185.09 199.57 OK
r-devel-linux-x86_64-debian-gcc 1.0.1 10.31 135.71 146.02 OK
r-devel-linux-x86_64-fedora-clang 1.0.1 225.69 OK
r-devel-linux-x86_64-fedora-gcc 1.0.1 219.47 OK
r-devel-windows-x86_64-new-UL 1.0.1 43.00 208.00 251.00 OK
r-devel-windows-x86_64-new-TK 1.0.1 ERROR
r-patched-linux-x86_64 1.0.1 8.00 171.61 179.61 OK
r-release-linux-x86_64 1.0.1 7.78 173.35 181.13 OK
r-release-macos-arm64 1.0.1 OK
r-release-macos-x86_64 1.0.1 OK
r-release-windows-ix86+x86_64 1.0.1 24.00 201.00 225.00 OK
r-oldrel-macos-x86_64 1.0.1 OK
r-oldrel-windows-ix86+x86_64 1.0.1 23.00 199.00 222.00 OK

Check Details

Version: 1.0.1
Check: package dependencies
Result: ERROR
    Package required but not available: 'lme4'
    
    See section 'The DESCRIPTION file' in the 'Writing R Extensions'
    manual.
Flavor: r-devel-windows-x86_64-new-TK