CRAN Package Check Results for Package doMIsaul

Last updated on 2021-12-03 05:51:56 CET.

Flavor Version Tinstall Tcheck Ttotal Status Flags
r-devel-linux-x86_64-debian-clang 1.0.1 12.27 206.41 218.68 NOTE
r-devel-linux-x86_64-debian-gcc 1.0.1 9.63 150.24 159.87 NOTE
r-devel-linux-x86_64-fedora-clang 1.0.1 264.89 NOTE
r-devel-linux-x86_64-fedora-gcc 1.0.1 252.23 NOTE
r-devel-windows-x86_64-new-UL 1.0.1 26.00 245.00 271.00 NOTE
r-devel-windows-x86_64-new-TK 1.0.1 NOTE
r-devel-windows-x86_64-old 1.0.1 20.00 190.00 210.00 OK
r-patched-linux-x86_64 1.0.1 13.23 194.26 207.49 NOTE
r-patched-solaris-x86 1.0.1 348.80 NOTE
r-release-linux-x86_64 1.0.1 11.80 194.53 206.33 NOTE
r-release-macos-arm64 1.0.1 OK
r-release-macos-x86_64 1.0.1 OK
r-release-windows-ix86+x86_64 1.0.1 28.00 256.00 284.00 OK
r-oldrel-macos-x86_64 1.0.1 OK
r-oldrel-windows-ix86+x86_64 1.0.1 28.00 252.00 280.00 OK

Check Details

Version: 1.0.1
Check: package dependencies
Result: NOTE
    Package suggested but not available for checking: 'CPE'
Flavors: r-devel-linux-x86_64-debian-clang, r-devel-linux-x86_64-debian-gcc, r-devel-linux-x86_64-fedora-clang, r-devel-linux-x86_64-fedora-gcc, r-devel-windows-x86_64-new-UL, r-devel-windows-x86_64-new-TK, r-patched-linux-x86_64, r-patched-solaris-x86, r-release-linux-x86_64