CRAN Package Check Results for Package dodgr

Last updated on 2021-11-29 05:49:43 CET.

Flavor Version Tinstall Tcheck Ttotal Status Flags
r-devel-linux-x86_64-debian-clang 0.2.12 NOTE
r-devel-linux-x86_64-debian-gcc 0.2.12 130.17 200.25 330.42 NOTE
r-devel-linux-x86_64-fedora-clang 0.2.12 604.70 NOTE
r-devel-linux-x86_64-fedora-gcc 0.2.12 563.74 NOTE
r-devel-windows-x86_64-new-UL 0.2.12 227.00 346.00 573.00 NOTE
r-devel-windows-x86_64-new-TK 0.2.12 NOTE
r-devel-windows-x86_64-old 0.2.12 179.00 260.00 439.00 NOTE
r-patched-linux-x86_64 0.2.12 144.59 257.49 402.08 NOTE
r-patched-solaris-x86 0.2.12 693.00 NOTE
r-release-linux-x86_64 0.2.12 114.79 257.54 372.33 NOTE
r-release-macos-arm64 0.2.12 NOTE
r-release-macos-x86_64 0.2.12 NOTE
r-release-windows-ix86+x86_64 0.2.12 407.00 356.00 763.00 NOTE
r-oldrel-macos-x86_64 0.2.12 NOTE
r-oldrel-windows-ix86+x86_64 0.2.12 332.00 448.00 780.00 NOTE

Check Details

Version: 0.2.12
Check: for GNU extensions in Makefiles
Result: NOTE
    GNU make is a SystemRequirements.
Flavors: r-devel-linux-x86_64-debian-clang, r-devel-linux-x86_64-debian-gcc, r-devel-linux-x86_64-fedora-clang, r-devel-linux-x86_64-fedora-gcc, r-devel-windows-x86_64-new-UL, r-devel-windows-x86_64-new-TK, r-devel-windows-x86_64-old, r-patched-linux-x86_64, r-patched-solaris-x86, r-release-linux-x86_64, r-release-macos-arm64, r-release-macos-x86_64, r-release-windows-ix86+x86_64, r-oldrel-macos-x86_64, r-oldrel-windows-ix86+x86_64

Version: 0.2.12
Check: installed package size
Result: NOTE
     installed size is 16.9Mb
     sub-directories of 1Mb or more:
     doc 6.1Mb
     libs 10.3Mb
Flavors: r-devel-linux-x86_64-fedora-clang, r-devel-windows-x86_64-new-UL, r-devel-windows-x86_64-old, r-patched-solaris-x86, r-release-macos-arm64, r-release-macos-x86_64, r-release-windows-ix86+x86_64, r-oldrel-macos-x86_64, r-oldrel-windows-ix86+x86_64