CRAN Package Check Results for Package dotCall64

Last updated on 2021-11-30 05:53:16 CET.

Flavor Version Tinstall Tcheck Ttotal Status Flags
r-devel-linux-x86_64-debian-clang 1.0-1 3.13 22.47 25.60 NOTE
r-devel-linux-x86_64-debian-gcc 1.0-1 2.52 17.42 19.94 NOTE
r-devel-linux-x86_64-fedora-clang 1.0-1 42.79 NOTE
r-devel-linux-x86_64-fedora-gcc 1.0-1 30.46 NOTE
r-devel-windows-x86_64-new-UL 1.0-1 15.00 62.00 77.00 NOTE
r-devel-windows-x86_64-new-TK 1.0-1 NOTE
r-devel-windows-x86_64-old 1.0-1 8.00 35.00 43.00 OK
r-patched-linux-x86_64 1.0-1 3.13 20.43 23.56 NOTE
r-patched-solaris-x86 1.0-1 49.80 NOTE
r-release-linux-x86_64 1.0-1 2.86 20.73 23.59 NOTE
r-release-macos-arm64 1.0-1 OK
r-release-macos-x86_64 1.0-1 OK
r-release-windows-ix86+x86_64 1.0-1 13.00 39.00 52.00 OK
r-oldrel-macos-x86_64 1.0-1 OK
r-oldrel-windows-ix86+x86_64 1.0-1 11.00 43.00 54.00 OK

Check Details

Version: 1.0-1
Check: package dependencies
Result: NOTE
    Package suggested but not available for checking: 'OpenMPController'
Flavors: r-devel-linux-x86_64-debian-clang, r-devel-linux-x86_64-debian-gcc, r-devel-linux-x86_64-fedora-clang, r-devel-linux-x86_64-fedora-gcc, r-devel-windows-x86_64-new-UL, r-devel-windows-x86_64-new-TK, r-patched-linux-x86_64, r-patched-solaris-x86, r-release-linux-x86_64