CRAN Package Check Results for Package dotprofile

Last updated on 2022-08-09 05:55:40 CEST.

Flavor Version Tinstall Tcheck Ttotal Status Flags
r-devel-linux-x86_64-debian-clang 0.0.1 2.06 28.34 30.40 OK
r-devel-linux-x86_64-debian-gcc 0.0.1 1.44 22.69 24.13 OK
r-devel-linux-x86_64-fedora-clang 0.0.1 48.95 NOTE
r-devel-linux-x86_64-fedora-gcc 0.0.1 49.69 NOTE
r-devel-windows-x86_64 0.0.1 13.00 58.00 71.00 OK
r-patched-linux-x86_64 0.0.1 2.18 28.40 30.58 OK
r-release-linux-x86_64 0.0.1 OK
r-release-macos-arm64 0.0.1 16.00 NOTE
r-release-macos-x86_64 0.0.1 23.00 NOTE
r-release-windows-x86_64 0.0.1 14.00 53.00 67.00 OK
r-oldrel-macos-arm64 0.0.1 22.00 NOTE
r-oldrel-macos-x86_64 0.0.1 24.00 NOTE
r-oldrel-windows-ix86+x86_64 0.0.1 5.00 46.00 51.00 OK

Check Details

Version: 0.0.1
Check: dependencies in R code
Result: NOTE
    Namespace in Imports field not imported from: ‘R6’
     All declared Imports should be used.
Flavors: r-devel-linux-x86_64-fedora-clang, r-devel-linux-x86_64-fedora-gcc, r-release-macos-arm64, r-release-macos-x86_64, r-oldrel-macos-arm64, r-oldrel-macos-x86_64