CRAN Package Check Results for Package dots

Last updated on 2024-06-20 06:57:10 CEST.

Flavor Version Tinstall Tcheck Ttotal Status Flags
r-devel-linux-x86_64-debian-clang 0.0.2 6.42 116.80 123.22 OK
r-devel-linux-x86_64-debian-gcc 0.0.2 4.54 86.58 91.12 OK
r-devel-linux-x86_64-fedora-clang 0.0.2 159.11 NOTE
r-devel-linux-x86_64-fedora-gcc 0.0.2 172.02 NOTE
r-devel-windows-x86_64 0.0.2 7.00 105.00 112.00 OK
r-patched-linux-x86_64 0.0.2 6.13 113.06 119.19 OK
r-release-linux-x86_64 0.0.2 4.30 116.58 120.88 OK
r-release-macos-arm64 0.0.2 49.00 OK
r-release-macos-x86_64 0.0.2 86.00 OK
r-release-windows-x86_64 0.0.2 7.00 106.00 113.00 OK
r-oldrel-macos-arm64 0.0.2 50.00 OK
r-oldrel-macos-x86_64 0.0.2 94.00 OK
r-oldrel-windows-x86_64 0.0.2 8.00 132.00 140.00 OK

Check Details

Version: 0.0.2
Check: data for non-ASCII characters
Result: NOTE Note: found 2 marked UTF-8 strings Flavors: r-devel-linux-x86_64-fedora-clang, r-devel-linux-x86_64-fedora-gcc