CRAN Package Check Results for Package dplyr.teradata

Last updated on 2021-07-23 05:51:49 CEST.

Flavor Version Tinstall Tcheck Ttotal Status Flags
r-devel-linux-x86_64-debian-clang 0.4.1 7.29 66.16 73.45 NOTE
r-devel-linux-x86_64-debian-gcc 0.4.1 5.92 49.75 55.67 NOTE
r-devel-linux-x86_64-fedora-clang 0.4.1 91.92 NOTE
r-devel-linux-x86_64-fedora-gcc 0.4.1 86.51 NOTE
r-devel-windows-x86_64 0.4.1 11.00 62.00 73.00 NOTE
r-devel-windows-x86_64-gcc10-UCRT 0.4.1 NOTE
r-patched-linux-x86_64 0.4.1 11.03 61.14 72.17 NOTE
r-patched-solaris-x86 0.4.1 117.90 NOTE
r-release-linux-x86_64 0.4.1 6.84 61.51 68.35 NOTE
r-release-macos-arm64 0.4.1 NOTE
r-release-macos-x86_64 0.4.1 NOTE
r-release-windows-ix86+x86_64 0.4.1 19.00 62.00 81.00 NOTE
r-oldrel-macos-x86_64 0.4.1 OK
r-oldrel-windows-ix86+x86_64 0.4.1 21.00 88.00 109.00 OK

Check Details

Version: 0.4.1
Check: LazyData
Result: NOTE
     'LazyData' is specified without a 'data' directory
Flavors: r-devel-linux-x86_64-debian-clang, r-devel-linux-x86_64-debian-gcc, r-devel-linux-x86_64-fedora-clang, r-devel-linux-x86_64-fedora-gcc, r-devel-windows-x86_64, r-devel-windows-x86_64-gcc10-UCRT, r-patched-linux-x86_64, r-patched-solaris-x86, r-release-linux-x86_64, r-release-macos-arm64, r-release-macos-x86_64, r-release-windows-ix86+x86_64