CRAN Package Check Results for Package dplyrAssist

Last updated on 2019-09-20 05:46:53 CEST.

Flavor Version Tinstall Tcheck Ttotal Status Flags
r-devel-linux-x86_64-debian-clang 0.1.0 4.29 35.49 39.78 OK
r-devel-linux-x86_64-debian-gcc 0.1.0 3.73 28.90 32.63 OK
r-devel-linux-x86_64-fedora-clang 0.1.0 49.64 NOTE
r-devel-linux-x86_64-fedora-gcc 0.1.0 49.22 NOTE
r-devel-windows-ix86+x86_64 0.1.0 29.00 62.00 91.00 OK
r-patched-linux-x86_64 0.1.0 4.24 35.07 39.31 OK
r-patched-solaris-x86 0.1.0 81.40 NOTE
r-release-linux-x86_64 0.1.0 4.33 35.23 39.56 OK
r-release-windows-ix86+x86_64 0.1.0 13.00 50.00 63.00 OK
r-release-osx-x86_64 0.1.0 NOTE
r-oldrel-windows-ix86+x86_64 0.1.0 7.00 57.00 64.00 OK
r-oldrel-osx-x86_64 0.1.0 NOTE

Check Details

Version: 0.1.0
Check: dependencies in R code
Result: NOTE
    Namespaces in Imports field not imported from:
     ‘tidyr’ ‘tidyverse’
     All declared Imports should be used.
Flavors: r-devel-linux-x86_64-fedora-clang, r-devel-linux-x86_64-fedora-gcc, r-patched-solaris-x86, r-release-osx-x86_64, r-oldrel-osx-x86_64