CRAN Package Check Results for Package dplyrAssist

Last updated on 2019-06-26 06:47:22 CEST.

Flavor Version Tinstall Tcheck Ttotal Status Flags
r-devel-linux-x86_64-debian-clang 0.1.0 4.52 36.53 41.05 OK
r-devel-linux-x86_64-debian-gcc 0.1.0 3.54 29.77 33.31 OK
r-devel-linux-x86_64-fedora-clang 0.1.0 48.53 NOTE
r-devel-linux-x86_64-fedora-gcc 0.1.0 46.43 NOTE
r-devel-windows-ix86+x86_64 0.1.0 16.00 56.00 72.00 OK
r-patched-linux-x86_64 0.1.0 4.52 36.31 40.83 OK
r-patched-solaris-x86 0.1.0 81.50 NOTE
r-release-linux-x86_64 0.1.0 4.33 36.51 40.84 OK
r-release-windows-ix86+x86_64 0.1.0 11.00 86.00 97.00 OK
r-release-osx-x86_64 0.1.0 NOTE
r-oldrel-windows-ix86+x86_64 0.1.0 6.00 58.00 64.00 OK
r-oldrel-osx-x86_64 0.1.0 NOTE

Check Details

Version: 0.1.0
Check: dependencies in R code
Result: NOTE
    Namespaces in Imports field not imported from:
     ‘tidyr’ ‘tidyverse’
     All declared Imports should be used.
Flavors: r-devel-linux-x86_64-fedora-clang, r-devel-linux-x86_64-fedora-gcc, r-patched-solaris-x86, r-release-osx-x86_64, r-oldrel-osx-x86_64