CRAN Package Check Results for Package dr

Last updated on 2022-01-20 05:50:20 CET.

Flavor Version Tinstall Tcheck Ttotal Status Flags
r-devel-linux-x86_64-debian-clang 3.0.10 OK
r-devel-linux-x86_64-debian-gcc 3.0.10 4.30 53.15 57.45 OK
r-devel-linux-x86_64-fedora-clang 3.0.10 94.07 OK
r-devel-linux-x86_64-fedora-gcc 3.0.10 83.60 OK
r-devel-windows-x86_64-new-UL 3.0.10 41.00 93.00 134.00 OK
r-devel-windows-x86_64-new-TK 3.0.10 OK
r-patched-linux-x86_64 3.0.10 5.46 69.91 75.37 OK
r-release-linux-x86_64 3.0.10 OK
r-release-macos-arm64 3.0.10 OK
r-release-macos-x86_64 3.0.10 OK
r-release-windows-ix86+x86_64 3.0.10 10.00 80.00 90.00 OK
r-oldrel-macos-x86_64 3.0.10 FAIL
r-oldrel-windows-ix86+x86_64 3.0.10 11.00 83.00 94.00 OK

Check Details

Version: 3.0.10
Check: PDF version of manual
Result: FAIL
Flavor: r-oldrel-macos-x86_64