CRAN Package Check Results for Package drawsample

Last updated on 2024-06-23 06:56:31 CEST.

Flavor Version Tinstall Tcheck Ttotal Status Flags
r-devel-linux-x86_64-debian-clang 1.0.1 13.93 116.98 130.91 OK
r-devel-linux-x86_64-debian-gcc 1.0.1 11.60 83.30 94.90 OK
r-devel-linux-x86_64-fedora-clang 1.0.1 165.09 NOTE
r-devel-linux-x86_64-fedora-gcc 1.0.1 172.12 OK
r-devel-windows-x86_64 1.0.1 12.00 89.00 101.00 OK
r-patched-linux-x86_64 1.0.1 14.88 113.26 128.14 OK
r-release-linux-x86_64 1.0.1 13.80 111.79 125.59 OK
r-release-macos-arm64 1.0.1 46.00 OK
r-release-macos-x86_64 1.0.1 66.00 OK
r-release-windows-x86_64 1.0.1 13.00 90.00 103.00 OK
r-oldrel-macos-arm64 1.0.1 47.00 OK
r-oldrel-macos-x86_64 1.0.1 71.00 OK
r-oldrel-windows-x86_64 1.0.1 15.00 103.00 118.00 OK

Check Details

Version: 1.0.1
Check: Rd cross-references
Result: NOTE Undeclared package ‘SimMultiCorrData’ in Rd xrefs Flavor: r-devel-linux-x86_64-fedora-clang