CRAN Package Check Results for Package drought

Last updated on 2022-01-19 05:48:23 CET.

Flavor Version Tinstall Tcheck Ttotal Status Flags
r-devel-linux-x86_64-debian-clang 1.0 2.28 34.79 37.07 NOTE
r-devel-linux-x86_64-debian-gcc 1.1 1.96 29.50 31.46 OK
r-devel-linux-x86_64-fedora-clang 1.1 49.71 OK
r-devel-linux-x86_64-fedora-gcc 1.1 36.07 OK
r-devel-windows-x86_64-new-UL 1.1 24.00 53.00 77.00 OK
r-devel-windows-x86_64-new-TK 1.1 OK
r-patched-linux-x86_64 1.1 1.97 35.32 37.29 OK
r-release-linux-x86_64 1.0 NOTE
r-release-macos-arm64 1.1 OK
r-release-macos-x86_64 1.1 OK
r-release-windows-ix86+x86_64 1.1 6.00 45.00 51.00 OK
r-oldrel-macos-x86_64 1.0 OK
r-oldrel-windows-ix86+x86_64 1.0 5.00 45.00 50.00 OK

Check Details

Version: 1.0
Check: LazyData
Result: NOTE
     'LazyData' is specified without a 'data' directory
Flavors: r-devel-linux-x86_64-debian-clang, r-release-linux-x86_64