CRAN Package Check Results for Package drugCombo

Last updated on 2019-09-18 05:46:57 CEST.

Flavor Version Tinstall Tcheck Ttotal Status Flags
r-devel-linux-x86_64-debian-clang 1.1.0 6.99 247.75 254.74 OK
r-devel-linux-x86_64-debian-gcc 1.1.0 5.94 157.23 163.17 OK
r-devel-linux-x86_64-fedora-clang 1.1.0 298.59 OK
r-devel-linux-x86_64-fedora-gcc 1.1.0 259.12 OK
r-devel-windows-ix86+x86_64 1.1.0 34.00 301.00 335.00 OK
r-patched-linux-x86_64 1.1.0 6.40 211.22 217.62 OK
r-patched-solaris-x86 1.1.0 408.60 WARN
r-release-linux-x86_64 1.1.0 6.77 213.66 220.43 OK
r-release-windows-ix86+x86_64 1.1.0 19.00 274.00 293.00 OK
r-release-osx-x86_64 1.1.0 WARN
r-oldrel-windows-ix86+x86_64 1.1.0 16.00 306.00 322.00 OK
r-oldrel-osx-x86_64 1.1.0 WARN

Check Details

Version: 1.1.0
Check: re-building of vignette outputs
Result: WARN
    Error(s) in re-building vignettes:
     ...
    --- re-building ‘userGuide.Rmd’ using rmarkdown
    Warning in engine$weave(file, quiet = quiet, encoding = enc) :
     Pandoc (>= 1.12.3) and/or pandoc-citeproc not available. Falling back to R Markdown v1.
    Using constraints: b = 1
    Using constraints: b = 1
    Running default monotherapy fitting. Note that if constraints are needed, run mono fitting manually first
    Using constraints: b = 1
    Using constraints: b = 1
    PhantomJS not found. You can install it with webshot::install_phantomjs(). If it is installed, please make sure the phantomjs executable can be found via the PATH variable.
    Warning in normalizePath(f2) :
     path[1]="webshot3d19659d1f9a.png": No such file or directory
    Warning in file(con, "rb") :
     cannot open file 'webshot3d19659d1f9a.png': No such file or directory
    Quitting from lines 357-358 (userGuide.Rmd)
    Error: processing vignette 'userGuide.Rmd' failed with diagnostics:
    cannot open the connection
    --- failed re-building ‘userGuide.Rmd’
    
    SUMMARY: processing the following file failed:
     ‘userGuide.Rmd’
    
    Error: Vignette re-building failed.
    Execution halted
Flavor: r-patched-solaris-x86

Version: 1.1.0
Check: re-building of vignette outputs
Result: WARN
    Error(s) in re-building vignettes:
     ...
    --- re-building ‘userGuide.Rmd’ using rmarkdown
    Warning in engine$weave(file, quiet = quiet, encoding = enc) :
     Pandoc (>= 1.12.3) and/or pandoc-citeproc not available. Falling back to R Markdown v1.
    Using constraints: b = 1
    Using constraints: b = 1
    Running default monotherapy fitting. Note that if constraints are needed, run mono fitting manually first
    Using constraints: b = 1
    Using constraints: b = 1
    PhantomJS not found. You can install it with webshot::install_phantomjs(). If it is installed, please make sure the phantomjs executable can be found via the PATH variable.
    Warning in normalizePath(f2) :
     path[1]="webshot1304530dc8201.png": No such file or directory
    Warning in file(con, "rb") :
     cannot open file 'webshot1304530dc8201.png': No such file or directory
    Quitting from lines 357-358 (userGuide.Rmd)
    Error: processing vignette 'userGuide.Rmd' failed with diagnostics:
    cannot open the connection
    --- failed re-building ‘userGuide.Rmd’
    
    SUMMARY: processing the following file failed:
     ‘userGuide.Rmd’
    
    Error: Vignette re-building failed.
    Execution halted
Flavor: r-release-osx-x86_64

Version: 1.1.0
Check: re-building of vignette outputs
Result: WARN
    Error in re-building vignettes:
     ...
    Warning in engine$weave(file, quiet = quiet, encoding = enc) :
     Pandoc (>= 1.12.3) and/or pandoc-citeproc not available. Falling back to R Markdown v1.
    Using constraints: b = 1
    Using constraints: b = 1
    Running default monotherapy fitting. Note that if constraints are needed, run mono fitting manually first
    Using constraints: b = 1
    Using constraints: b = 1
    PhantomJS not found. You can install it with webshot::install_phantomjs(). If it is installed, please make sure the phantomjs executable can be found via the PATH variable.
    Warning in normalizePath(f2) :
     path[1]="webshotcd2c6318ee44.png": No such file or directory
    Warning in file(con, "rb") :
     cannot open file 'webshotcd2c6318ee44.png': No such file or directory
    Quitting from lines 357-358 (userGuide.Rmd)
    Error: processing vignette 'userGuide.Rmd' failed with diagnostics:
    cannot open the connection
    Execution halted
Flavor: r-oldrel-osx-x86_64