CRAN Package Check Results for Package drugCombo

Last updated on 2020-02-20 05:48:20 CET.

Flavor Version Tinstall Tcheck Ttotal Status Flags
r-devel-linux-x86_64-debian-clang 1.1.1 8.43 261.20 269.63 OK
r-devel-linux-x86_64-debian-gcc 1.1.1 6.56 167.50 174.06 OK
r-devel-linux-x86_64-fedora-clang 1.1.1 321.25 OK
r-devel-linux-x86_64-fedora-gcc 1.1.1 277.44 OK
r-devel-windows-ix86+x86_64 1.1.1 23.00 293.00 316.00 OK
r-devel-windows-ix86+x86_64-gcc8 1.1.1 40.00 382.00 422.00 OK
r-patched-linux-x86_64 1.1.1 6.82 210.43 217.25 OK
r-patched-solaris-x86 1.1.1 416.90 WARN
r-release-linux-x86_64 1.1.1 7.44 207.21 214.65 OK
r-release-windows-ix86+x86_64 1.1.1 19.00 278.00 297.00 OK
r-release-osx-x86_64 1.1.1 WARN
r-oldrel-windows-ix86+x86_64 1.1.1 11.00 327.00 338.00 OK
r-oldrel-osx-x86_64 1.1.1 WARN

Check Details

Version: 1.1.1
Check: re-building of vignette outputs
Result: WARN
    Error(s) in re-building vignettes:
     ...
    --- re-building ‘userGuide.Rmd’ using rmarkdown
    Warning in engine$weave(file, quiet = quiet, encoding = enc) :
     Pandoc (>= 1.12.3) and/or pandoc-citeproc not available. Falling back to R Markdown v1.
    Using constraints: b = 1
    Using constraints: b = 1
    Running default monotherapy fitting. Note that if constraints are needed, run mono fitting manually first
    Using constraints: b = 1
    Using constraints: b = 1
    PhantomJS not found. You can install it with webshot::install_phantomjs(). If it is installed, please make sure the phantomjs executable can be found via the PATH variable.
    Warning in normalizePath(f2) :
     path[1]="webshot4f334c834723.png": No such file or directory
    Warning in file(con, "rb") :
     cannot open file 'webshot4f334c834723.png': No such file or directory
    Quitting from lines 357-358 (userGuide.Rmd)
    Error: processing vignette 'userGuide.Rmd' failed with diagnostics:
    cannot open the connection
    --- failed re-building ‘userGuide.Rmd’
    
    SUMMARY: processing the following file failed:
     ‘userGuide.Rmd’
    
    Error: Vignette re-building failed.
    Execution halted
Flavor: r-patched-solaris-x86

Version: 1.1.1
Check: whether package can be installed
Result: WARN
    Found the following significant warnings:
     Warning: 'rgl_init' failed, running with rgl.useNULL = TRUE
Flavors: r-release-osx-x86_64, r-oldrel-osx-x86_64

Version: 1.1.1
Check: dependencies in R code
Result: NOTE
    No protocol specified
Flavors: r-release-osx-x86_64, r-oldrel-osx-x86_64

Version: 1.1.1
Check: S3 generic/method consistency
Result: WARN
    No protocol specified
    See section ‘Generic functions and methods’ in the ‘Writing R
    Extensions’ manual.
Flavors: r-release-osx-x86_64, r-oldrel-osx-x86_64

Version: 1.1.1
Check: replacement functions
Result: WARN
    No protocol specified
    The argument of a replacement function which corresponds to the right
    hand side must be named ‘value’.
Flavors: r-release-osx-x86_64, r-oldrel-osx-x86_64

Version: 1.1.1
Check: foreign function calls
Result: NOTE
    No protocol specified
    See chapter ‘System and foreign language interfaces’ in the ‘Writing R
    Extensions’ manual.
Flavors: r-release-osx-x86_64, r-oldrel-osx-x86_64

Version: 1.1.1
Check: R code for possible problems
Result: NOTE
    No protocol specified
Flavors: r-release-osx-x86_64, r-oldrel-osx-x86_64

Version: 1.1.1
Check: for missing documentation entries
Result: WARN
    No protocol specified
    All user-level objects in a package should have documentation entries.
    See chapter ‘Writing R documentation files’ in the ‘Writing R
    Extensions’ manual.
Flavors: r-release-osx-x86_64, r-oldrel-osx-x86_64

Version: 1.1.1
Check: for code/documentation mismatches
Result: WARN
    No protocol specified
    No protocol specified
    No protocol specified
Flavors: r-release-osx-x86_64, r-oldrel-osx-x86_64

Version: 1.1.1
Check: Rd \usage sections
Result: NOTE
    No protocol specified
    The \usage entries for S3 methods should use the \method markup and not
    their full name.
    See chapter ‘Writing R documentation files’ in the ‘Writing R
    Extensions’ manual.
Flavors: r-release-osx-x86_64, r-oldrel-osx-x86_64

Version: 1.1.1
Check: re-building of vignette outputs
Result: WARN
    Error(s) in re-building vignettes:
    --- re-building ‘userGuide.Rmd’ using rmarkdown
    Warning in engine$weave(file, quiet = quiet, encoding = enc) :
     Pandoc (>= 1.12.3) and/or pandoc-citeproc not available. Falling back to R Markdown v1.
    No protocol specified
    Warning in rgl.init(initValue, onlyNULL) :
     RGL: unable to open X11 display
    Warning: 'rgl_init' failed, running with rgl.useNULL = TRUE
    Using constraints: b = 1
    Using constraints: b = 1
    Running default monotherapy fitting. Note that if constraints are needed, run mono fitting manually first
    Using constraints: b = 1
    Using constraints: b = 1
    PhantomJS not found. You can install it with webshot::install_phantomjs(). If it is installed, please make sure the phantomjs executable can be found via the PATH variable.
    Warning in normalizePath(f2) :
     path[1]="webshot219036569873.png": No such file or directory
    Warning in file(con, "rb") :
     cannot open file 'webshot219036569873.png': No such file or directory
    Quitting from lines 357-358 (userGuide.Rmd)
    Error: processing vignette 'userGuide.Rmd' failed with diagnostics:
    cannot open the connection
    --- failed re-building ‘userGuide.Rmd’
    
    SUMMARY: processing the following file failed:
     ‘userGuide.Rmd’
    
    Error: Vignette re-building failed.
    Execution halted
Flavor: r-release-osx-x86_64

Version: 1.1.1
Check: re-building of vignette outputs
Result: WARN
    Error in re-building vignettes:
     ...
    Warning in engine$weave(file, quiet = quiet, encoding = enc) :
     Pandoc (>= 1.12.3) and/or pandoc-citeproc not available. Falling back to R Markdown v1.
    No protocol specified
    Warning in rgl.init(initValue, onlyNULL) :
     RGL: unable to open X11 display
    Warning: 'rgl_init' failed, running with rgl.useNULL = TRUE
    Using constraints: b = 1
    Using constraints: b = 1
    Running default monotherapy fitting. Note that if constraints are needed, run mono fitting manually first
    Using constraints: b = 1
    Using constraints: b = 1
    PhantomJS not found. You can install it with webshot::install_phantomjs(). If it is installed, please make sure the phantomjs executable can be found via the PATH variable.
    Warning in normalizePath(f2) :
     path[1]="webshot11ae36636580c.png": No such file or directory
    Warning in file(con, "rb") :
     cannot open file 'webshot11ae36636580c.png': No such file or directory
    Quitting from lines 357-358 (userGuide.Rmd)
    Error: processing vignette 'userGuide.Rmd' failed with diagnostics:
    cannot open the connection
    Execution halted
Flavor: r-oldrel-osx-x86_64