CRAN Package Check Results for Package dsample

Last updated on 2022-01-21 05:52:07 CET.

Flavor Version Tinstall Tcheck Ttotal Status Flags
r-devel-linux-x86_64-debian-clang 0.91.2.2 NOTE
r-devel-linux-x86_64-debian-gcc 0.91.2.2 1.32 22.69 24.01 NOTE
r-devel-linux-x86_64-fedora-clang 0.91.2.2 38.47 NOTE
r-devel-linux-x86_64-fedora-gcc 0.91.2.2 27.72 NOTE
r-devel-windows-x86_64-new-UL 0.91.2.2 6.00 45.00 51.00 NOTE
r-devel-windows-x86_64-new-TK 0.91.2.2 NOTE
r-patched-linux-x86_64 0.91.2.2 1.89 28.38 30.27 NOTE
r-release-linux-x86_64 0.91.2.2 1.22 28.22 29.44 NOTE
r-release-macos-arm64 0.91.2.2 NOTE
r-release-macos-x86_64 0.91.2.2 NOTE
r-release-windows-ix86+x86_64 0.91.2.2 4.00 36.00 40.00 NOTE
r-oldrel-macos-x86_64 0.91.2.2 NOTE
r-oldrel-windows-ix86+x86_64 0.91.2.2 4.00 35.00 39.00 NOTE

Check Details

Version: 0.91.2.2
Check: DESCRIPTION meta-information
Result: NOTE
    BugReports field is not a suitable URL but appears to contain an email address
     not specified by mailto: nor contained in < >
     use the Contact field instead
Flavors: r-devel-linux-x86_64-debian-clang, r-devel-linux-x86_64-debian-gcc, r-devel-linux-x86_64-fedora-clang, r-devel-linux-x86_64-fedora-gcc, r-devel-windows-x86_64-new-UL, r-devel-windows-x86_64-new-TK, r-patched-linux-x86_64, r-release-linux-x86_64, r-release-macos-arm64, r-release-macos-x86_64, r-release-windows-ix86+x86_64, r-oldrel-macos-x86_64, r-oldrel-windows-ix86+x86_64