CRAN Package Check Results for Package dse

Last updated on 2022-01-22 05:10:15 CET.

Flavor Version Tinstall Tcheck Ttotal Status Flags
r-devel-linux-x86_64-debian-clang 2020.2-1 18.22 179.19 197.41 OK
r-devel-linux-x86_64-debian-gcc 2020.2-1 13.85 132.71 146.56 OK
r-devel-linux-x86_64-fedora-clang 2020.2-1 237.61 NOTE
r-devel-linux-x86_64-fedora-gcc 2020.2-1 1109.49 NOTE
r-devel-windows-x86_64-new-UL 2020.2-1 125.00 255.00 380.00 OK
r-devel-windows-x86_64-new-TK 2020.2-1 OK
r-patched-linux-x86_64 2020.2-1 21.29 121.51 142.80 OK
r-release-linux-x86_64 2020.2-1 16.33 120.71 137.04 OK
r-release-macos-arm64 2020.2-1 OK
r-release-macos-x86_64 2020.2-1 OK
r-release-windows-ix86+x86_64 2020.2-1 30.00 181.00 211.00 OK
r-oldrel-macos-x86_64 2020.2-1 OK
r-oldrel-windows-ix86+x86_64 2020.2-1 30.00 190.00 220.00 OK

Check Details

Version: 2020.2-1
Check: Rd cross-references
Result: NOTE
    Undeclared package ‘EvalEst’ in Rd xrefs
Flavor: r-devel-linux-x86_64-fedora-clang

Version: 2020.2-1
Check: compiled code
Result: NOTE
    File ‘dse/libs/dse.so’:
     Found no calls to: ‘R_registerRoutines’, ‘R_useDynamicSymbols’
    
    It is good practice to register native routines and to disable symbol
    search.
    
    See ‘Writing portable packages’ in the ‘Writing R Extensions’ manual.
Flavors: r-devel-linux-x86_64-fedora-clang, r-devel-linux-x86_64-fedora-gcc