CRAN Package Check Results for Package dslabs

Last updated on 2019-11-21 05:47:45 CET.

Flavor Version Tinstall Tcheck Ttotal Status Flags
r-devel-linux-x86_64-debian-clang 0.7.1 3.84 23.50 27.34 OK
r-devel-linux-x86_64-debian-gcc 0.7.1 3.77 19.41 23.18 OK
r-devel-linux-x86_64-fedora-clang 0.7.1 35.63 NOTE
r-devel-linux-x86_64-fedora-gcc 0.7.1 35.29 NOTE
r-devel-windows-ix86+x86_64 0.7.1 19.00 50.00 69.00 OK
r-devel-windows-ix86+x86_64-gcc8 0.7.1 9.00 41.00 50.00 OK
r-patched-linux-x86_64 0.7.1 3.21 23.19 26.40 OK
r-patched-solaris-x86 0.7.1 49.40 NOTE
r-release-linux-x86_64 0.7.1 3.70 22.66 26.36 OK
r-release-windows-ix86+x86_64 0.7.1 15.00 62.00 77.00 OK
r-release-osx-x86_64 0.7.1 NOTE
r-oldrel-windows-ix86+x86_64 0.7.1 7.00 63.00 70.00 OK
r-oldrel-osx-x86_64 0.7.1 NOTE

Check Details

Version: 0.7.1
Check: data for non-ASCII characters
Result: NOTE
     Note: found 4891 marked UTF-8 strings
Flavors: r-devel-linux-x86_64-fedora-clang, r-devel-linux-x86_64-fedora-gcc, r-patched-solaris-x86, r-release-osx-x86_64, r-oldrel-osx-x86_64

Version: 0.7.1
Check: installed package size
Result: NOTE
     installed size is 5.0Mb
     sub-directories of 1Mb or more:
     data 4.0Mb
Flavor: r-patched-solaris-x86