CRAN Package Check Results for Package dslabs

Last updated on 2020-07-09 05:47:40 CEST.

Flavor Version Tinstall Tcheck Ttotal Status Flags
r-devel-linux-x86_64-debian-clang 0.7.3 4.65 25.40 30.05 OK
r-devel-linux-x86_64-debian-gcc 0.7.3 4.01 20.01 24.02 OK
r-devel-linux-x86_64-fedora-clang 0.7.3 44.48 NOTE
r-devel-linux-x86_64-fedora-gcc 0.7.3 35.19 NOTE
r-devel-windows-ix86+x86_64 0.7.3 10.00 42.00 52.00 OK
r-patched-linux-x86_64 0.7.3 4.36 25.07 29.43 OK
r-patched-solaris-x86 0.7.3 53.00 NOTE
r-release-linux-x86_64 0.7.3 4.45 24.58 29.03 OK
r-release-osx-x86_64 0.7.3 NOTE
r-release-windows-ix86+x86_64 0.7.3 19.00 42.00 61.00 OK
r-oldrel-osx-x86_64 0.7.3 NOTE
r-oldrel-windows-ix86+x86_64 0.7.3 16.00 54.00 70.00 OK

Check Details

Version: 0.7.3
Check: data for non-ASCII characters
Result: NOTE
     Note: found 4891 marked UTF-8 strings
Flavors: r-devel-linux-x86_64-fedora-clang, r-devel-linux-x86_64-fedora-gcc, r-patched-solaris-x86, r-release-osx-x86_64, r-oldrel-osx-x86_64

Version: 0.7.3
Check: installed package size
Result: NOTE
     installed size is 5.0Mb
     sub-directories of 1Mb or more:
     data 4.0Mb
Flavor: r-patched-solaris-x86