CRAN Package Check Results for Package dtree

Last updated on 2021-12-07 05:55:03 CET.

Flavor Version Tinstall Tcheck Ttotal Status Flags
r-devel-linux-x86_64-debian-clang 0.4.2 17.68 144.82 162.50 NOTE
r-devel-linux-x86_64-debian-gcc 0.4.2 14.60 108.40 123.00 NOTE
r-devel-linux-x86_64-fedora-clang 0.4.2 196.38 NOTE
r-devel-linux-x86_64-fedora-gcc 0.4.2 179.94 NOTE
r-devel-windows-x86_64-new-UL 0.4.2 31.00 175.00 206.00 NOTE
r-devel-windows-x86_64-new-TK 0.4.2 NOTE
r-devel-windows-x86_64-old 0.4.2 26.00 163.00 189.00 NOTE
r-patched-linux-x86_64 0.4.2 15.08 134.63 149.71 NOTE
r-release-linux-x86_64 0.4.2 14.57 134.71 149.28 NOTE
r-release-macos-arm64 0.4.2 NOTE
r-release-macos-x86_64 0.4.2 NOTE
r-release-windows-ix86+x86_64 0.4.2 30.00 154.00 184.00 NOTE
r-oldrel-macos-x86_64 0.4.2 OK
r-oldrel-windows-ix86+x86_64 0.4.2 39.00 157.00 196.00 OK

Check Details

Version: 0.4.2
Check: LazyData
Result: NOTE
     'LazyData' is specified without a 'data' directory
Flavors: r-devel-linux-x86_64-debian-clang, r-devel-linux-x86_64-debian-gcc, r-devel-linux-x86_64-fedora-clang, r-devel-linux-x86_64-fedora-gcc, r-devel-windows-x86_64-new-UL, r-devel-windows-x86_64-new-TK, r-devel-windows-x86_64-old, r-patched-linux-x86_64, r-release-linux-x86_64, r-release-macos-arm64, r-release-macos-x86_64, r-release-windows-ix86+x86_64