Last updated on 2021-01-23 05:47:01 CET.
Flavor | Version | Tinstall | Tcheck | Ttotal | Status | Flags |
---|---|---|---|---|---|---|
r-devel-linux-x86_64-debian-clang | 5.5.6 | 172.87 | 397.82 | 570.69 | NOTE | |
r-devel-linux-x86_64-debian-gcc | 5.5.6 | 118.86 | 295.81 | 414.67 | NOTE | |
r-devel-linux-x86_64-fedora-clang | 5.5.6 | 722.23 | NOTE | |||
r-devel-linux-x86_64-fedora-gcc | 5.5.6 | 692.70 | NOTE | |||
r-devel-windows-ix86+x86_64 | 5.5.6 | 423.00 | 575.00 | 998.00 | NOTE | |
r-patched-linux-x86_64 | 5.5.6 | 136.01 | 381.29 | 517.30 | NOTE | |
r-patched-solaris-x86 | 5.5.6 | 1065.20 | NOTE | |||
r-release-linux-x86_64 | 5.5.6 | 138.69 | 383.81 | 522.50 | NOTE | |
r-release-macos-x86_64 | 5.5.6 | NOTE | ||||
r-release-windows-ix86+x86_64 | 5.5.6 | 359.00 | 593.00 | 952.00 | NOTE | |
r-oldrel-macos-x86_64 | 5.5.6 | NOTE | ||||
r-oldrel-windows-ix86+x86_64 | 5.5.6 | 297.00 | 413.00 | 710.00 | NOTE |
Version: 5.5.6
Check: for GNU extensions in Makefiles
Result: NOTE
GNU make is a SystemRequirements.
Flavors: r-devel-linux-x86_64-debian-clang, r-devel-linux-x86_64-debian-gcc, r-devel-linux-x86_64-fedora-clang, r-devel-linux-x86_64-fedora-gcc, r-devel-windows-ix86+x86_64, r-patched-linux-x86_64, r-patched-solaris-x86, r-release-linux-x86_64, r-release-macos-x86_64, r-release-windows-ix86+x86_64, r-oldrel-macos-x86_64, r-oldrel-windows-ix86+x86_64
Version: 5.5.6
Check: installed package size
Result: NOTE
installed size is 10.3Mb
sub-directories of 1Mb or more:
doc 2.6Mb
libs 6.5Mb
Flavors: r-devel-linux-x86_64-fedora-clang, r-devel-windows-ix86+x86_64, r-release-macos-x86_64, r-release-windows-ix86+x86_64, r-oldrel-macos-x86_64, r-oldrel-windows-ix86+x86_64