Last updated on 2023-02-02 06:03:23 CET.
Flavor | Version | Tinstall | Tcheck | Ttotal | Status | Flags |
---|---|---|---|---|---|---|
r-devel-linux-x86_64-debian-clang | 0.6.7 | 3.11 | 35.55 | 38.66 | OK | |
r-devel-linux-x86_64-debian-gcc | 0.6.7 | 2.33 | 28.24 | 30.57 | OK | |
r-devel-linux-x86_64-fedora-clang | 0.6.7 | 49.37 | NOTE | |||
r-devel-linux-x86_64-fedora-gcc | 0.6.7 | 60.52 | NOTE | |||
r-devel-windows-x86_64 | 0.6.7 | 27.00 | 79.00 | 106.00 | OK | |
r-patched-linux-x86_64 | 0.6.7 | 2.40 | 35.15 | 37.55 | OK | |
r-release-linux-x86_64 | 0.6.7 | 3.09 | 35.19 | 38.28 | OK | |
r-release-macos-arm64 | 0.6.7 | 22.00 | NOTE | |||
r-release-macos-x86_64 | 0.6.7 | 31.00 | NOTE | |||
r-release-windows-x86_64 | 0.6.7 | 25.00 | 83.00 | 108.00 | OK | |
r-oldrel-macos-arm64 | 0.6.7 | 25.00 | NOTE | |||
r-oldrel-macos-x86_64 | 0.6.7 | 32.00 | NOTE | |||
r-oldrel-windows-ix86+x86_64 | 0.6.7 | 8.00 | 74.00 | 82.00 | OK |
Version: 0.6.7
Check: dependencies in R code
Result: NOTE
Namespaces in Imports field not imported from:
‘digest’ ‘dplyr’
All declared Imports should be used.
Flavors: r-devel-linux-x86_64-fedora-clang, r-devel-linux-x86_64-fedora-gcc, r-release-macos-arm64, r-release-macos-x86_64, r-oldrel-macos-arm64, r-oldrel-macos-x86_64