CRAN Package Check Results for Package duckdb

Last updated on 2021-09-24 05:55:24 CEST.

Flavor Version Tinstall Tcheck Ttotal Status Flags
r-devel-linux-x86_64-debian-clang 0.2.9 1884.70 48.01 1932.71 OK
r-devel-linux-x86_64-debian-gcc 0.2.9 1076.69 36.73 1113.42 OK
r-devel-linux-x86_64-fedora-clang 0.2.9 2614.12 NOTE
r-devel-linux-x86_64-fedora-gcc 0.2.9 2290.68 OK
r-devel-windows-x86_64 0.2.9 1087.00 108.00 1195.00 NOTE
r-devel-windows-x86_64-gcc10-UCRT 0.2.9 OK
r-patched-linux-x86_64 0.2.9 1215.86 45.58 1261.44 OK
r-patched-solaris-x86 0.2.9 1481.70 NOTE
r-release-linux-x86_64 0.2.9 1205.98 46.00 1251.98 OK
r-release-macos-arm64 0.2.9 NOTE
r-release-macos-x86_64 0.2.9 NOTE
r-release-windows-ix86+x86_64 0.2.9 2759.00 162.00 2921.00 NOTE
r-oldrel-macos-x86_64 0.2.9 NOTE
r-oldrel-windows-ix86+x86_64 0.2.9 2287.00 165.00 2452.00 NOTE

Check Details

Version: 0.2.9
Check: installed package size
Result: NOTE
     installed size is 184.8Mb
     sub-directories of 1Mb or more:
     libs 184.4Mb
Flavors: r-devel-linux-x86_64-fedora-clang, r-devel-windows-x86_64, r-patched-solaris-x86, r-release-macos-arm64, r-release-macos-x86_64, r-release-windows-ix86+x86_64, r-oldrel-macos-x86_64, r-oldrel-windows-ix86+x86_64