CRAN Package Check Results for Package duckduckr

Last updated on 2022-01-24 05:51:47 CET.

Flavor Version Tinstall Tcheck Ttotal Status Flags
r-devel-linux-x86_64-debian-clang 1.0.0 1.85 29.34 31.19 NOTE
r-devel-linux-x86_64-debian-gcc 1.0.0 1.06 23.69 24.75 NOTE
r-devel-linux-x86_64-fedora-clang 1.0.0 40.53 NOTE
r-devel-linux-x86_64-fedora-gcc 1.0.0 28.81 NOTE
r-devel-windows-x86_64-new-UL 1.0.0 15.00 56.00 71.00 NOTE
r-devel-windows-x86_64-new-TK 1.0.0 NOTE
r-patched-linux-x86_64 1.0.0 1.92 29.19 31.11 NOTE
r-release-linux-x86_64 1.0.0 1.35 28.64 29.99 NOTE
r-release-macos-arm64 1.0.0 NOTE
r-release-macos-x86_64 1.0.0 NOTE
r-release-windows-ix86+x86_64 1.0.0 4.00 38.00 42.00 NOTE
r-oldrel-macos-x86_64 1.0.0 OK
r-oldrel-windows-ix86+x86_64 1.0.0 4.00 38.00 42.00 OK

Check Details

Version: 1.0.0
Check: LazyData
Result: NOTE
     'LazyData' is specified without a 'data' directory
Flavors: r-devel-linux-x86_64-debian-clang, r-devel-linux-x86_64-debian-gcc, r-devel-linux-x86_64-fedora-clang, r-devel-linux-x86_64-fedora-gcc, r-devel-windows-x86_64-new-UL, r-devel-windows-x86_64-new-TK, r-patched-linux-x86_64, r-release-linux-x86_64, r-release-macos-arm64, r-release-macos-x86_64, r-release-windows-ix86+x86_64