CRAN Package Check Results for Package dummies

Last updated on 2019-08-24 05:46:56 CEST.

Flavor Version Tinstall Tcheck Ttotal Status Flags
r-devel-linux-x86_64-debian-clang 1.5.6 1.87 18.59 20.46 NOTE
r-devel-linux-x86_64-debian-gcc 1.5.6 1.32 15.34 16.66 NOTE
r-devel-linux-x86_64-fedora-clang 1.5.6 26.43 NOTE
r-devel-linux-x86_64-fedora-gcc 1.5.6 23.99 NOTE
r-devel-windows-ix86+x86_64 1.5.6 5.00 49.00 54.00 NOTE
r-patched-linux-x86_64 1.5.6 1.46 18.65 20.11 NOTE
r-patched-solaris-x86 1.5.6 39.90 NOTE
r-release-linux-x86_64 1.5.6 1.41 18.86 20.27 NOTE
r-release-windows-ix86+x86_64 1.5.6 4.00 45.00 49.00 NOTE
r-release-osx-x86_64 1.5.6 NOTE
r-oldrel-windows-ix86+x86_64 1.5.6 2.00 32.00 34.00 NOTE
r-oldrel-osx-x86_64 1.5.6 NOTE

Check Details

Version: 1.5.6
Check: top-level files
Result: NOTE
    File
     LICENSE
    is not mentioned in the DESCRIPTION file.
Flavors: r-devel-linux-x86_64-debian-clang, r-devel-linux-x86_64-debian-gcc, r-devel-linux-x86_64-fedora-clang, r-devel-linux-x86_64-fedora-gcc, r-devel-windows-ix86+x86_64, r-patched-linux-x86_64, r-patched-solaris-x86, r-release-linux-x86_64, r-release-windows-ix86+x86_64, r-release-osx-x86_64, r-oldrel-windows-ix86+x86_64, r-oldrel-osx-x86_64

Version: 1.5.6
Check: R code for possible problems
Result: NOTE
    dummy: no visible global function definition for 'model.matrix'
    dummy: no visible global function definition for 'model.frame'
    Undefined global functions or variables:
     model.frame model.matrix
    Consider adding
     importFrom("stats", "model.frame", "model.matrix")
    to your NAMESPACE file.
Flavors: r-devel-linux-x86_64-debian-clang, r-devel-linux-x86_64-debian-gcc, r-devel-linux-x86_64-fedora-clang, r-devel-linux-x86_64-fedora-gcc, r-devel-windows-ix86+x86_64, r-patched-linux-x86_64, r-patched-solaris-x86, r-release-linux-x86_64, r-release-windows-ix86+x86_64, r-release-osx-x86_64, r-oldrel-windows-ix86+x86_64, r-oldrel-osx-x86_64

Version: 1.5.6
Check: Rd line widths
Result: NOTE
    Rd file 'dummy.Rd':
     \usage lines wider than 90 characters:
     dummy.data.frame(data, names = NULL, omit.constants=TRUE, dummy.classes = getOption("dummy.classes"), all = TRUE, ...)
    
    These lines will be truncated in the PDF manual.
Flavors: r-devel-linux-x86_64-debian-clang, r-devel-linux-x86_64-debian-gcc, r-devel-linux-x86_64-fedora-clang, r-devel-linux-x86_64-fedora-gcc, r-patched-linux-x86_64, r-release-linux-x86_64