CRAN Package Check Results for Package dyndimred

Last updated on 2022-01-26 05:54:13 CET.

Flavor Version Tinstall Tcheck Ttotal Status Flags
r-devel-linux-x86_64-debian-clang 1.0.4 9.92 176.35 186.27 NOTE
r-devel-linux-x86_64-debian-gcc 1.0.4 7.70 134.44 142.14 NOTE
r-devel-linux-x86_64-fedora-clang 1.0.4 219.88 NOTE
r-devel-linux-x86_64-fedora-gcc 1.0.4 223.96 NOTE
r-devel-windows-x86_64-new-UL 1.0.4 40.00 191.00 231.00 NOTE
r-devel-windows-x86_64-new-TK 1.0.4 NOTE
r-patched-linux-x86_64 1.0.4 7.84 162.48 170.32 NOTE
r-release-linux-x86_64 1.0.4 8.39 162.25 170.64 NOTE
r-release-macos-arm64 1.0.4 NOTE
r-release-macos-x86_64 1.0.4 NOTE
r-release-windows-ix86+x86_64 1.0.4 24.00 201.00 225.00 NOTE
r-oldrel-macos-x86_64 1.0.4 OK
r-oldrel-windows-ix86+x86_64 1.0.4 23.00 202.00 225.00 OK

Check Details

Version: 1.0.4
Check: LazyData
Result: NOTE
     'LazyData' is specified without a 'data' directory
Flavors: r-devel-linux-x86_64-debian-clang, r-devel-linux-x86_64-debian-gcc, r-devel-linux-x86_64-fedora-clang, r-devel-linux-x86_64-fedora-gcc, r-devel-windows-x86_64-new-UL, r-devel-windows-x86_64-new-TK, r-patched-linux-x86_64, r-release-linux-x86_64, r-release-macos-arm64, r-release-macos-x86_64, r-release-windows-ix86+x86_64

Version: 1.0.4
Check: package dependencies
Result: NOTE
    Package suggested but not available for checking: 'smacof'
Flavor: r-devel-windows-x86_64-new-TK