CRAN Package Check Results for Package dyngen

Last updated on 2022-01-29 05:52:12 CET.

Flavor Version Tinstall Tcheck Ttotal Status Flags
r-devel-linux-x86_64-debian-clang 1.0.3 24.16 260.27 284.43 OK
r-devel-linux-x86_64-debian-gcc 1.0.3 18.65 196.90 215.55 OK
r-devel-linux-x86_64-fedora-clang 1.0.3 341.70 OK
r-devel-linux-x86_64-fedora-gcc 1.0.3 333.12 OK
r-devel-windows-x86_64-new-UL 1.0.3 82.00 312.00 394.00 OK
r-devel-windows-x86_64-new-TK 1.0.3 OK
r-patched-linux-x86_64 1.0.3 15.26 226.52 241.78 OK
r-release-linux-x86_64 1.0.3 14.41 225.12 239.53 OK
r-release-macos-arm64 1.0.3 OK
r-release-macos-x86_64 1.0.3 ERROR
r-release-windows-ix86+x86_64 1.0.3 45.00 280.00 325.00 OK
r-oldrel-macos-x86_64 1.0.3 ERROR
r-oldrel-windows-ix86+x86_64 1.0.3 45.00 285.00 330.00 OK

Check Details

Version: 1.0.3
Check: tests
Result: ERROR
     Running ‘testthat.R’ [12s/15s]
    Running the tests in ‘tests/testthat.R’ failed.
    Last 13 lines of output:
     31: tryCatch(withCallingHandlers({ eval(code, test_env) if (!handled && !is.null(test)) { skip_empty() }}, expectation = handle_expectation, skip = handle_skip, warning = handle_warning, message = handle_message, error = handle_error), error = handle_fatal, skip = function(e) { })
     32: test_code(NULL, exprs, env)
     33: source_file(path, child_env(env), wrap = wrap)
     34: FUN(X[[i]], ...)
     35: lapply(test_paths, test_one_file, env = env, wrap = wrap)
     36: doTryCatch(return(expr), name, parentenv, handler)
     37: tryCatchOne(expr, names, parentenv, handlers[[1L]])
     38: tryCatchList(expr, classes, parentenv, handlers)
     39: tryCatch(code, testthat_abort_reporter = function(cnd) { cat(conditionMessage(cnd), "\n") NULL})
     40: with_reporter(reporters$multi, lapply(test_paths, test_one_file, env = env, wrap = wrap))
     41: test_files(test_dir = test_dir, test_package = test_package, test_paths = test_paths, load_helpers = load_helpers, reporter = reporter, env = env, stop_on_failure = stop_on_failure, stop_on_warning = stop_on_warning, wrap = wrap, load_package = load_package)
     42: test_files(test_dir = path, test_paths = test_paths, test_package = package, reporter = reporter, load_helpers = load_helpers, env = env, stop_on_failure = stop_on_failure, stop_on_warning = stop_on_warning, wrap = wrap, load_package = load_package, parallel = parallel)
     43: test_dir("testthat", package = package, reporter = reporter, ..., load_package = "installed")
     44: test_check("dyngen")
     An irrecoverable exception occurred. R is aborting now ...
Flavor: r-release-macos-x86_64

Version: 1.0.3
Check: tests
Result: ERROR
     Running ‘testthat.R’ [13s/16s]
    Running the tests in ‘tests/testthat.R’ failed.
    Complete output:
     > library(testthat)
     >
     > test_check("dyngen")
     Loading required package: dyngen
     R(25044,0x7fffaf4e7380) malloc: *** error for object 0x7fbab7651f48: incorrect checksum for freed object - object was probably modified after being freed.
     *** set a breakpoint in malloc_error_break to debug
Flavor: r-oldrel-macos-x86_64