CRAN Package Check Results for Package dynia

Last updated on 2021-10-21 05:50:56 CEST.

Flavor Version Tinstall Tcheck Ttotal Status Flags
r-devel-linux-x86_64-debian-clang 0.2 2.00 27.45 29.45 NOTE
r-devel-linux-x86_64-debian-gcc 0.2 1.55 21.04 22.59 NOTE
r-devel-linux-x86_64-fedora-clang 0.2 47.08 NOTE
r-devel-linux-x86_64-fedora-gcc 0.2 36.90 NOTE
r-devel-windows-x86_64 0.2 3.00 44.00 47.00 NOTE
r-devel-windows-x86_64-gcc10-UCRT 0.2 NOTE
r-patched-linux-x86_64 0.2 2.10 27.82 29.92 NOTE
r-patched-solaris-x86 0.2 54.80 NOTE
r-release-linux-x86_64 0.2 1.79 27.51 29.30 NOTE
r-release-macos-arm64 0.2 NOTE
r-release-macos-x86_64 0.2 NOTE
r-release-windows-ix86+x86_64 0.2 4.00 34.00 38.00 NOTE
r-oldrel-macos-x86_64 0.2 NOTE
r-oldrel-windows-ix86+x86_64 0.2 4.00 35.00 39.00 NOTE

Check Details

Version: 0.2
Check: R code for possible problems
Result: NOTE
    GetIntMod: no visible global function definition for 'arima'
    GetLikeDI: no visible global function definition for 'arima'
    GetLikeDI: no visible global function definition for 'logLik'
    GetPV: no visible global function definition for 'optimize'
    GetPV: no visible global function definition for 'pchisq'
    fitdi: no visible global function definition for 'optimize'
    Undefined global functions or variables:
     arima logLik optimize pchisq
    Consider adding
     importFrom("stats", "arima", "logLik", "optimize", "pchisq")
    to your NAMESPACE file.
Flavors: r-devel-linux-x86_64-debian-clang, r-devel-linux-x86_64-debian-gcc, r-devel-linux-x86_64-fedora-clang, r-devel-linux-x86_64-fedora-gcc, r-devel-windows-x86_64, r-devel-windows-x86_64-gcc10-UCRT, r-patched-linux-x86_64, r-patched-solaris-x86, r-release-linux-x86_64, r-release-macos-arm64, r-release-macos-x86_64, r-release-windows-ix86+x86_64, r-oldrel-macos-x86_64, r-oldrel-windows-ix86+x86_64