CRAN Package Check Results for Package dynwrap

Last updated on 2022-01-22 05:10:15 CET.

Flavor Version Tinstall Tcheck Ttotal Status Flags
r-devel-linux-x86_64-debian-clang 1.2.2 16.05 237.30 253.35 OK
r-devel-linux-x86_64-debian-gcc 1.2.2 12.50 178.09 190.59 OK
r-devel-linux-x86_64-fedora-clang 1.2.2 302.30 OK
r-devel-linux-x86_64-fedora-gcc 1.2.2 289.64 OK
r-devel-windows-x86_64-new-UL 1.2.2 116.00 289.00 405.00 OK
r-devel-windows-x86_64-new-TK 1.2.2 OK
r-patched-linux-x86_64 1.2.2 11.20 238.87 250.07 OK
r-release-linux-x86_64 1.2.2 10.72 243.92 254.64 OK
r-release-macos-arm64 1.2.2 NOTE
r-release-macos-x86_64 1.2.2 NOTE
r-release-windows-ix86+x86_64 1.2.2 35.00 316.00 351.00 OK
r-oldrel-macos-x86_64 1.2.2 OK
r-oldrel-windows-ix86+x86_64 1.2.2 35.00 321.00 356.00 OK

Check Details

Version: 1.2.2
Check: package dependencies
Result: NOTE
    Package suggested but not available for checking: ‘hdf5r’
Flavors: r-release-macos-arm64, r-release-macos-x86_64