CRAN Package Check Results for Package eaf

Last updated on 2021-09-28 05:48:39 CEST.

Flavor Version Tinstall Tcheck Ttotal Status Flags
r-devel-linux-x86_64-debian-clang 2.1 20.29 100.63 120.92 WARN
r-devel-linux-x86_64-debian-gcc 2.1 13.38 73.74 87.12 WARN
r-devel-linux-x86_64-fedora-clang 2.1 151.38 NOTE
r-devel-linux-x86_64-fedora-gcc 2.1 133.85 NOTE
r-devel-windows-x86_64 2.1 34.00 100.00 134.00 NOTE
r-devel-windows-x86_64-gcc10-UCRT 2.1 NOTE
r-patched-linux-x86_64 2.1 16.89 91.92 108.81 WARN
r-patched-solaris-x86 2.1 221.80 NOTE
r-release-linux-x86_64 2.1 16.24 91.03 107.27 WARN
r-release-macos-arm64 2.1 NOTE
r-release-macos-x86_64 2.1 NOTE
r-release-windows-ix86+x86_64 2.1 86.00 186.00 272.00 NOTE
r-oldrel-macos-x86_64 2.1 NOTE
r-oldrel-windows-ix86+x86_64 2.1 58.00 176.00 234.00 NOTE

Check Details

Version: 2.1
Check: top-level files
Result: WARN
     Output from running autoreconf:
     configure.ac:33: warning: AC_OUTPUT should be used without arguments.
     configure.ac:33: You should run autoupdate.
Flavors: r-devel-linux-x86_64-debian-clang, r-devel-linux-x86_64-debian-gcc, r-patched-linux-x86_64, r-release-linux-x86_64

Version: 2.1
Check: for GNU extensions in Makefiles
Result: NOTE
    GNU make is a SystemRequirements.
Flavors: r-devel-linux-x86_64-debian-clang, r-devel-linux-x86_64-debian-gcc, r-devel-linux-x86_64-fedora-clang, r-devel-linux-x86_64-fedora-gcc, r-devel-windows-x86_64, r-devel-windows-x86_64-gcc10-UCRT, r-patched-linux-x86_64, r-patched-solaris-x86, r-release-linux-x86_64, r-release-macos-arm64, r-release-macos-x86_64, r-release-windows-ix86+x86_64, r-oldrel-macos-x86_64, r-oldrel-windows-ix86+x86_64

Version: 2.1
Check: installed package size
Result: NOTE
     installed size is 5.4Mb
     sub-directories of 1Mb or more:
     bin 3.2Mb
     extdata 1.7Mb
Flavors: r-devel-windows-x86_64, r-release-windows-ix86+x86_64, r-oldrel-windows-ix86+x86_64

Version: 2.1
Check: compiled code
Result: NOTE
    File ‘eaf/libs/eaf.so’:
     Found ‘___stderrp’, possibly from ‘stderr’ (C)
     Objects: ‘eaf/io.o’, ‘mo-tools/hv.o’
     Found ‘___stdoutp’, possibly from ‘stdout’ (C)
     Object: ‘eaf/io.o’
    
    Compiled code should not call entry points which might terminate R nor
    write to stdout/stderr instead of to the console, nor use Fortran I/O
    nor system RNGs.
    
    See ‘Writing portable packages’ in the ‘Writing R Extensions’ manual.
Flavors: r-release-macos-arm64, r-release-macos-x86_64, r-oldrel-macos-x86_64