CRAN Package Check Results for Package easyCODA

Last updated on 2021-09-21 05:51:03 CEST.

Flavor Version Tinstall Tcheck Ttotal Status Flags
r-devel-linux-x86_64-debian-clang 0.34.3 13.12 88.92 102.04 OK
r-devel-linux-x86_64-debian-gcc 0.34.3 7.07 67.05 74.12 OK
r-devel-linux-x86_64-fedora-clang 0.34.3 125.62 OK
r-devel-linux-x86_64-fedora-gcc 0.34.3 116.84 OK
r-devel-windows-x86_64 0.34.3 12.00 83.00 95.00 OK
r-devel-windows-x86_64-gcc10-UCRT 0.34.3 ERROR
r-patched-linux-x86_64 0.34.3 10.61 84.07 94.68 OK
r-patched-solaris-x86 0.34.3 172.10 OK
r-release-linux-x86_64 0.34.3 10.36 84.42 94.78 OK
r-release-macos-arm64 0.34.3 OK
r-release-macos-x86_64 0.34.3 OK
r-release-windows-ix86+x86_64 0.34.3 22.00 88.00 110.00 OK
r-oldrel-macos-x86_64 0.34.3 OK
r-oldrel-windows-ix86+x86_64 0.34.3 23.00 83.00 106.00 OK

Check Details

Version: 0.34.3
Check: whether package can be installed
Result: WARN
    Found the following significant warnings:
     WARNING: installation-time patches will not be applied, could not get the patches index
Flavor: r-devel-windows-x86_64-gcc10-UCRT

Version: 0.34.3
Check: PDF version of manual
Result: WARN
    LaTeX errors when creating PDF version.
    This typically indicates Rd problems.
Flavor: r-devel-windows-x86_64-gcc10-UCRT

Version: 0.34.3
Check: PDF version of manual without hyperrefs or index
Result: ERROR
    Re-running with no redirection of stdout/stderr.
Flavor: r-devel-windows-x86_64-gcc10-UCRT