CRAN Package Check Results for Package easyr

Last updated on 2021-06-18 05:48:43 CEST.

Flavor Version Tinstall Tcheck Ttotal Status Flags
r-devel-linux-x86_64-debian-clang 0.5-4 6.33 64.33 70.66 OK
r-devel-linux-x86_64-debian-gcc 0.5-4 4.63 47.74 52.37 OK
r-devel-linux-x86_64-fedora-clang 0.5-4 91.03 NOTE
r-devel-linux-x86_64-fedora-gcc 0.5-4 101.62 NOTE
r-devel-windows-x86_64 0.5-4 10.00 116.00 126.00 OK
r-devel-windows-x86_64-gcc10-UCRT 0.5-4 NOTE
r-patched-linux-x86_64 0.5-4 7.37 61.19 68.56 OK
r-patched-solaris-x86 0.5-4 105.10 NOTE
r-release-linux-x86_64 0.5-4 5.00 62.13 67.13 OK
r-release-macos-arm64 0.5-3 NOTE
r-release-macos-x86_64 0.5-4 NOTE
r-release-windows-ix86+x86_64 0.5-4 12.00 116.00 128.00 OK
r-oldrel-macos-x86_64 0.5-4 NOTE
r-oldrel-windows-ix86+x86_64 0.5-4 9.00 122.00 131.00 OK

Check Details

Version: 0.5-4
Check: dependencies in R code
Result: NOTE
    Namespace in Imports field not imported from: ‘rprojroot’
     All declared Imports should be used.
Flavors: r-devel-linux-x86_64-fedora-clang, r-devel-linux-x86_64-fedora-gcc, r-devel-windows-x86_64-gcc10-UCRT, r-patched-solaris-x86, r-release-macos-x86_64, r-oldrel-macos-x86_64

Version: 0.5-3
Check: dependencies in R code
Result: NOTE
    Namespace in Imports field not imported from: ‘rprojroot’
     All declared Imports should be used.
Flavor: r-release-macos-arm64