CRAN Package Check Results for Package ecespa

Last updated on 2022-01-18 05:50:11 CET.

Flavor Version Tinstall Tcheck Ttotal Status Flags
r-devel-linux-x86_64-debian-clang 1.1-13 10.73 130.86 141.59 OK
r-devel-linux-x86_64-debian-gcc 1.1-13 10.56 99.93 110.49 OK
r-devel-linux-x86_64-fedora-clang 1.1-13 172.36 OK
r-devel-linux-x86_64-fedora-gcc 1.1-13 162.44 OK
r-devel-windows-x86_64-new-UL 1.1-13 54.00 155.00 209.00 OK
r-devel-windows-x86_64-new-TK 1.1-13 OK
r-patched-linux-x86_64 1.1-13 11.35 126.41 137.76 OK
r-release-linux-x86_64 1.1-13 OK
r-release-macos-arm64 1.1-13 OK
r-release-macos-x86_64 1.1-13 OK
r-release-windows-ix86+x86_64 1.1-13 28.00 220.00 248.00 OK
r-oldrel-macos-x86_64 1.1-13 NOTE
r-oldrel-windows-ix86+x86_64 1.1-13 28.00 219.00 247.00 OK

Check Details

Version: 1.1-13
Check: Rd cross-references
Result: NOTE
    Package unavailable to check Rd xrefs: ‘dixon’
Flavor: r-oldrel-macos-x86_64