CRAN Package Check Results for Package ecostatscale

Last updated on 2021-10-16 05:51:20 CEST.

Flavor Version Tinstall Tcheck Ttotal Status Flags
r-devel-linux-x86_64-debian-clang 1.0 2.19 30.65 32.84 OK
r-devel-linux-x86_64-debian-gcc 1.0 1.69 23.39 25.08 OK
r-devel-linux-x86_64-fedora-clang 1.0 50.04 NOTE
r-devel-linux-x86_64-fedora-gcc 1.0 39.50 NOTE
r-devel-windows-x86_64 1.0 4.00 31.00 35.00 OK
r-devel-windows-x86_64-gcc10-UCRT 1.0 NOTE
r-patched-linux-x86_64 1.0 2.41 30.02 32.43 OK
r-patched-solaris-x86 1.0 59.10 NOTE
r-release-linux-x86_64 1.0 2.00 29.80 31.80 OK
r-release-macos-arm64 1.0 NOTE
r-release-macos-x86_64 1.0 NOTE
r-release-windows-ix86+x86_64 1.0 6.00 56.00 62.00 OK
r-oldrel-macos-x86_64 1.0 NOTE
r-oldrel-windows-ix86+x86_64 1.0 6.00 52.00 58.00 OK

Check Details

Version: 1.0
Check: dependencies in R code
Result: NOTE
    Namespace in Imports field not imported from: ‘graphics’
     All declared Imports should be used.
Flavors: r-devel-linux-x86_64-fedora-clang, r-devel-linux-x86_64-fedora-gcc, r-devel-windows-x86_64-gcc10-UCRT, r-patched-solaris-x86, r-release-macos-arm64, r-release-macos-x86_64, r-oldrel-macos-x86_64