CRAN Package Check Results for Package ecotox

Last updated on 2021-06-21 05:49:36 CEST.

Flavor Version Tinstall Tcheck Ttotal Status Flags
r-devel-linux-x86_64-debian-clang 1.4.2 3.74 38.33 42.07 OK
r-devel-linux-x86_64-debian-gcc 1.4.2 2.90 29.53 32.43 OK
r-devel-linux-x86_64-fedora-clang 1.4.2 59.99 OK
r-devel-linux-x86_64-fedora-gcc 1.4.2 48.77 OK
r-devel-windows-x86_64 1.4.2 6.00 48.00 54.00 OK
r-devel-windows-x86_64-gcc10-UCRT 1.4.2 NOTE
r-patched-linux-x86_64 1.4.2 3.90 36.68 40.58 OK
r-patched-solaris-x86 1.4.2 71.60 OK
r-release-linux-x86_64 1.4.2 3.63 37.23 40.86 OK
r-release-macos-arm64 1.4.2 OK
r-release-macos-x86_64 1.4.2 OK
r-release-windows-ix86+x86_64 1.4.2 9.00 52.00 61.00 OK
r-oldrel-macos-x86_64 1.4.2 OK

Check Details

Version: 1.4.2
Check: package dependencies
Result: NOTE
    Package suggested but not available for checking: 'covr'
Flavor: r-devel-windows-x86_64-gcc10-UCRT