CRAN Package Check Results for Package edgeRun

Last updated on 2021-06-13 05:51:04 CEST.

Flavor Version Tinstall Tcheck Ttotal Status Flags
r-devel-linux-x86_64-debian-clang 1.0.9 4.02 49.84 53.86 NOTE
r-devel-linux-x86_64-debian-gcc 1.0.9 3.47 39.21 42.68 NOTE
r-devel-linux-x86_64-fedora-clang 1.0.9 71.07 NOTE
r-devel-linux-x86_64-fedora-gcc 1.0.9 58.44 NOTE
r-devel-windows-x86_64 1.0.9 7.00 62.00 69.00 NOTE
r-devel-windows-x86_64-gcc10-UCRT 1.0.9 NOTE
r-patched-linux-x86_64 1.0.9 5.08 48.33 53.41 NOTE
r-patched-solaris-x86 1.0.9 84.50 NOTE
r-release-linux-x86_64 1.0.9 3.88 48.67 52.55 NOTE
r-release-macos-arm64 1.0.9 ERROR
r-release-macos-x86_64 1.0.9 NOTE
r-release-windows-ix86+x86_64 1.0.9 8.00 66.00 74.00 NOTE
r-oldrel-macos-x86_64 1.0.9 NOTE
r-oldrel-windows-ix86+x86_64 1.0.9 7.00 63.00 70.00 NOTE

Check Details

Version: 1.0.9
Check: R code for possible problems
Result: NOTE
    UCexactTest: no visible global function definition for 'is'
    UCexactTest: no visible global function definition for 'new'
    pvalue: no visible global function definition for 'dnbinom'
    pvalue: no visible global function definition for 'pnbinom'
    sup.mu: no visible global function definition for 'predict'
    Undefined global functions or variables:
     dnbinom is new pnbinom predict
    Consider adding
     importFrom("methods", "is", "new")
     importFrom("stats", "dnbinom", "pnbinom", "predict")
    to your NAMESPACE file (and ensure that your DESCRIPTION Imports field
    contains 'methods').
Flavors: r-devel-linux-x86_64-debian-clang, r-devel-linux-x86_64-debian-gcc, r-devel-linux-x86_64-fedora-clang, r-devel-linux-x86_64-fedora-gcc, r-devel-windows-x86_64, r-devel-windows-x86_64-gcc10-UCRT, r-patched-linux-x86_64, r-patched-solaris-x86, r-release-linux-x86_64, r-release-macos-x86_64, r-release-windows-ix86+x86_64, r-oldrel-macos-x86_64, r-oldrel-windows-ix86+x86_64

Version: 1.0.9
Check: package dependencies
Result: ERROR
    Package required but not available: ‘edgeR’
    
    See section ‘The DESCRIPTION file’ in the ‘Writing R Extensions’
    manual.
Flavor: r-release-macos-arm64