Last updated on 2023-01-31 06:01:01 CET.
Flavor | Version | Tinstall | Tcheck | Ttotal | Status | Flags |
---|---|---|---|---|---|---|
r-devel-linux-x86_64-debian-clang | 0.1.8 | 7.48 | 66.67 | 74.15 | OK | |
r-devel-linux-x86_64-debian-gcc | 0.1.8 | 6.14 | 49.50 | 55.64 | OK | |
r-devel-linux-x86_64-fedora-clang | 0.1.8 | 92.66 | NOTE | |||
r-devel-linux-x86_64-fedora-gcc | 0.1.8 | 99.25 | NOTE | |||
r-devel-windows-x86_64 | 0.1.8 | 23.00 | 115.00 | 138.00 | OK | |
r-patched-linux-x86_64 | 0.1.8 | 5.83 | 66.26 | 72.09 | OK | |
r-release-linux-x86_64 | 0.1.8 | 6.89 | 65.73 | 72.62 | OK | |
r-release-macos-arm64 | 0.1.8 | 29.00 | NOTE | |||
r-release-macos-x86_64 | 0.1.8 | 47.00 | NOTE | |||
r-release-windows-x86_64 | 0.1.8 | 26.00 | 111.00 | 137.00 | OK | |
r-oldrel-macos-arm64 | 0.1.8 | 31.00 | NOTE | |||
r-oldrel-macos-x86_64 | 0.1.8 | 54.00 | NOTE | |||
r-oldrel-windows-ix86+x86_64 | 0.1.8 | 21.00 | 96.00 | 117.00 | OK |
Version: 0.1.8
Check: dependencies in R code
Result: NOTE
Namespaces in Imports field not imported from:
‘dplyr’ ‘magrittr’ ‘tibble’
All declared Imports should be used.
Flavors: r-devel-linux-x86_64-fedora-clang, r-devel-linux-x86_64-fedora-gcc, r-release-macos-arm64, r-release-macos-x86_64, r-oldrel-macos-arm64, r-oldrel-macos-x86_64