CRAN Package Check Results for Package edrGraphicalTools

Last updated on 2019-12-08 05:48:23 CET.

Flavor Version Tinstall Tcheck Ttotal Status Flags
r-devel-linux-x86_64-debian-clang 2.2 6.81 44.03 50.84 OK
r-devel-linux-x86_64-debian-gcc 2.2 4.74 34.59 39.33 OK
r-devel-linux-x86_64-fedora-clang 2.2 56.53 OK
r-devel-linux-x86_64-fedora-gcc 2.2 55.26 OK
r-devel-windows-ix86+x86_64 2.2 21.00 135.00 156.00 OK
r-devel-windows-ix86+x86_64-gcc8 2.2 18.00 91.00 109.00 OK
r-patched-linux-x86_64 2.2 5.25 39.98 45.23 OK
r-patched-solaris-x86 2.2 95.40 OK
r-release-linux-x86_64 2.2 5.58 40.43 46.01 OK
r-release-windows-ix86+x86_64 2.2 16.00 82.00 98.00 OK
r-release-osx-x86_64 2.2 WARN
r-oldrel-windows-ix86+x86_64 2.2 10.00 105.00 115.00 OK
r-oldrel-osx-x86_64 2.2 OK

Check Details

Version: 2.2
Check: whether package can be installed
Result: WARN
    Found the following significant warnings:
     Warning: 'rgl_init' failed, running with rgl.useNULL = TRUE
Flavor: r-release-osx-x86_64