CRAN Package Check Results for Package edrGraphicalTools

Last updated on 2020-07-09 05:47:40 CEST.

Flavor Version Tinstall Tcheck Ttotal Status Flags
r-devel-linux-x86_64-debian-clang 2.2 6.09 47.74 53.83 OK
r-devel-linux-x86_64-debian-gcc 2.2 5.08 37.56 42.64 OK
r-devel-linux-x86_64-fedora-clang 2.2 73.52 OK
r-devel-linux-x86_64-fedora-gcc 2.2 64.21 OK
r-devel-windows-ix86+x86_64 2.2 18.00 90.00 108.00 OK
r-patched-linux-x86_64 2.2 6.20 47.92 54.12 OK
r-patched-solaris-x86 2.2 93.90 OK
r-release-linux-x86_64 2.2 6.21 47.60 53.81 OK
r-release-osx-x86_64 2.2 OK
r-release-windows-ix86+x86_64 2.2 23.00 93.00 116.00 OK
r-oldrel-osx-x86_64 2.2 WARN
r-oldrel-windows-ix86+x86_64 2.2 25.00 112.00 137.00 OK

Check Details

Version: 2.2
Check: whether package can be installed
Result: WARN
    Found the following significant warnings:
     Warning: 'rgl_init' failed, running with rgl.useNULL = TRUE
Flavor: r-oldrel-osx-x86_64