CRAN Package Check Results for Package effectR

Last updated on 2020-01-17 05:47:11 CET.

Flavor Version Tinstall Tcheck Ttotal Status Flags
r-devel-linux-x86_64-debian-clang 1.0.2 3.72 35.12 38.84 OK
r-devel-linux-x86_64-debian-gcc 1.0.2 3.15 28.20 31.35 OK
r-devel-linux-x86_64-fedora-clang 1.0.2 48.58 NOTE
r-devel-linux-x86_64-fedora-gcc 1.0.2 47.71 NOTE
r-devel-windows-ix86+x86_64 1.0.2 17.00 52.00 69.00 OK
r-devel-windows-ix86+x86_64-gcc8 1.0.2 10.00 80.00 90.00 OK
r-patched-linux-x86_64 1.0.2 2.98 32.92 35.90 OK
r-patched-solaris-x86 1.0.2 69.30 NOTE
r-release-linux-x86_64 1.0.2 2.64 32.94 35.58 OK
r-release-windows-ix86+x86_64 1.0.2 12.00 77.00 89.00 OK
r-release-osx-x86_64 1.0.2 NOTE
r-oldrel-windows-ix86+x86_64 1.0.2 8.00 49.00 57.00 OK
r-oldrel-osx-x86_64 1.0.2 NOTE

Check Details

Version: 1.0.2
Check: dependencies in R code
Result: NOTE
    Namespace in Imports field not imported from: ‘rmarkdown’
     All declared Imports should be used.
Flavors: r-devel-linux-x86_64-fedora-clang, r-devel-linux-x86_64-fedora-gcc, r-patched-solaris-x86, r-release-osx-x86_64, r-oldrel-osx-x86_64