CRAN Package Check Results for Package effectR

Last updated on 2019-08-25 05:46:46 CEST.

Flavor Version Tinstall Tcheck Ttotal Status Flags
r-devel-linux-x86_64-debian-clang 1.0.2 2.95 31.72 34.67 OK
r-devel-linux-x86_64-debian-gcc 1.0.2 2.64 26.97 29.61 OK
r-devel-linux-x86_64-fedora-clang 1.0.2 44.91 NOTE
r-devel-linux-x86_64-fedora-gcc 1.0.2 42.80 NOTE
r-devel-windows-ix86+x86_64 1.0.2 11.00 48.00 59.00 OK
r-patched-linux-x86_64 1.0.2 2.70 32.38 35.08 OK
r-patched-solaris-x86 1.0.2 65.40 NOTE
r-release-linux-x86_64 1.0.2 2.92 31.42 34.34 OK
r-release-windows-ix86+x86_64 1.0.2 17.00 66.00 83.00 OK
r-release-osx-x86_64 1.0.2 NOTE
r-oldrel-windows-ix86+x86_64 1.0.2 7.00 59.00 66.00 OK
r-oldrel-osx-x86_64 1.0.2 NOTE

Check Details

Version: 1.0.2
Check: dependencies in R code
Result: NOTE
    Namespace in Imports field not imported from: ‘rmarkdown’
     All declared Imports should be used.
Flavors: r-devel-linux-x86_64-fedora-clang, r-devel-linux-x86_64-fedora-gcc, r-patched-solaris-x86, r-release-osx-x86_64, r-oldrel-osx-x86_64