CRAN Package Check Results for Package ehelp

Last updated on 2022-01-24 05:51:48 CET.

Flavor Version Tinstall Tcheck Ttotal Status Flags
r-devel-linux-x86_64-debian-clang 1.2 2.19 45.48 47.67 NOTE
r-devel-linux-x86_64-debian-gcc 1.2 1.57 34.68 36.25 NOTE
r-devel-linux-x86_64-fedora-clang 1.2 58.06 NOTE
r-devel-linux-x86_64-fedora-gcc 1.2 46.10 NOTE
r-devel-windows-x86_64-new-UL 1.2 20.00 80.00 100.00 NOTE
r-devel-windows-x86_64-new-TK 1.2 NOTE
r-patched-linux-x86_64 1.2 2.34 33.41 35.75 NOTE
r-release-linux-x86_64 1.2 1.69 34.17 35.86 NOTE
r-release-macos-arm64 1.2 NOTE
r-release-macos-x86_64 1.2 NOTE
r-release-windows-ix86+x86_64 1.2 6.00 48.00 54.00 NOTE
r-oldrel-macos-x86_64 1.2 OK
r-oldrel-windows-ix86+x86_64 1.2 7.00 51.00 58.00 OK

Check Details

Version: 1.2
Check: LazyData
Result: NOTE
     'LazyData' is specified without a 'data' directory
Flavors: r-devel-linux-x86_64-debian-clang, r-devel-linux-x86_64-debian-gcc, r-devel-linux-x86_64-fedora-clang, r-devel-linux-x86_64-fedora-gcc, r-devel-windows-x86_64-new-UL, r-devel-windows-x86_64-new-TK, r-patched-linux-x86_64, r-release-linux-x86_64, r-release-macos-arm64, r-release-macos-x86_64, r-release-windows-ix86+x86_64