CRAN Package Check Results for Package elaborator

Last updated on 2021-12-05 05:52:45 CET.

Flavor Version Tinstall Tcheck Ttotal Status Flags
r-devel-linux-x86_64-debian-clang 1.1 12.85 92.84 105.69 NOTE
r-devel-linux-x86_64-debian-gcc 1.1 9.16 69.00 78.16 NOTE
r-devel-linux-x86_64-fedora-clang 1.1 128.60 NOTE
r-devel-linux-x86_64-fedora-gcc 1.1 116.58 NOTE
r-devel-windows-x86_64-new-UL 1.1 29.00 126.00 155.00 NOTE
r-devel-windows-x86_64-new-TK 1.1 NOTE
r-devel-windows-x86_64-old 1.1 22.00 76.00 98.00 NOTE
r-patched-linux-x86_64 1.1 12.48 80.79 93.27 NOTE
r-release-linux-x86_64 1.1 9.94 85.83 95.77 NOTE
r-release-macos-arm64 1.1 NOTE
r-release-macos-x86_64 1.1 NOTE
r-release-windows-ix86+x86_64 1.1 30.00 105.00 135.00 NOTE
r-oldrel-macos-x86_64 1.1 OK
r-oldrel-windows-ix86+x86_64 1.1 28.00 103.00 131.00 OK

Check Details

Version: 1.1
Check: LazyData
Result: NOTE
     'LazyData' is specified without a 'data' directory
Flavors: r-devel-linux-x86_64-debian-clang, r-devel-linux-x86_64-debian-gcc, r-devel-linux-x86_64-fedora-clang, r-devel-linux-x86_64-fedora-gcc, r-devel-windows-x86_64-new-UL, r-devel-windows-x86_64-new-TK, r-devel-windows-x86_64-old, r-patched-linux-x86_64, r-release-linux-x86_64, r-release-macos-arm64, r-release-macos-x86_64, r-release-windows-ix86+x86_64